{"id":833,"date":"2009-08-08T13:48:54","date_gmt":"2009-08-08T11:48:54","guid":{"rendered":"http:\/\/blog.alu.hr\/?page_id=833"},"modified":"2019-11-18T00:55:05","modified_gmt":"2019-11-17T22:55:05","slug":"vizura-aperta-momjan","status":"publish","type":"page","link":"https:\/\/blog.alu.hr\/?page_id=833","title":{"rendered":"Vizura Aperta Momjan"},"content":{"rendered":"<p><a href=\"https:\/\/blog.alu.hr\/wp-content\/uploads\/2009\/08\/dsc_1749.png\"><img loading=\"lazy\" decoding=\"async\" class=\"alignnone size-full wp-image-834\" title=\"dsc_1749\" alt=\"dsc_1749\" src=\"https:\/\/blog.alu.hr\/wp-content\/uploads\/2009\/08\/dsc_1749.png\" width=\"700\" height=\"465\" srcset=\"https:\/\/blog.alu.hr\/wp-content\/uploads\/2009\/08\/dsc_1749.png 700w, https:\/\/blog.alu.hr\/wp-content\/uploads\/2009\/08\/dsc_1749-300x199.png 300w\" sizes=\"auto, (max-width: 700px) 85vw, 700px\" \/><\/a><\/p>\n<p><a href=\"http:\/\/www.vizura-aperta.net\/\">vizura aperta<\/a><\/p>\n<p>IDEJA FESTIVALA je prikazati otvorenost granica vizualnih i audio medija paralelne s razli\u010ditostima i su\u017eivotom na kulturno-socijalnom planu<\/p>\n<p>u samom prostoru u kojim se festival odr\u017eava i to kroz interakciju (spoj projekcija I fotografija, arhitekture, kroz razli\u010dite materijale i medije, te komunikaciju radova s prirodom i arhitekturom vidljiva u ideji i izlaganju na otvorenom, na specifi\u010dnim lokacijama u samom mjestu- prozori i unutra\u0161njost ku\u0107a, ulice, trgovi itd.<\/p>\n<p>U sklopu festivala djeluje i multimedijalna RADIONICA koja formalno istra\u017euje prostore komunikacije razli\u010ditih medija, a sadr\u017eajno socijalni sustav vrijednosti i odnosa unutar njega (probleme izolacije i komunikacije, marginalizacije i centraliziranosti, kompromis, fleksibilnost i otvorenost unutar umjetni\u010dke i arhitektonske struke, te dru\u0161tvenih struktura).<\/p>\n<p>Radionica (Laboratorio) ubacuje autora \u2013 opremljenog vlastitim idejama, kulturnim i edukacijskim naslje\u0111em \u2013 u proces upoznavanja s novim i razli\u010ditim na\u010dinima mi\u0161ljenja i djelovanja.<\/p>\n<p>Kustosica i organizatorica festivala je Davorka Peri\u0107<\/p>\n","protected":false},"excerpt":{"rendered":"<p>vizura aperta IDEJA FESTIVALA je prikazati otvorenost granica vizualnih i audio medija paralelne s razli\u010ditostima i su\u017eivotom na kulturno-socijalnom planu u samom prostoru u kojim se festival odr\u017eava i to kroz interakciju (spoj projekcija I fotografija, arhitekture, kroz razli\u010dite materijale i medije, te komunikaciju radova s prirodom i arhitekturom vidljiva u ideji i izlaganju na &hellip; <a href=\"https:\/\/blog.alu.hr\/?page_id=833\" class=\"more-link\">Continue reading<span class=\"screen-reader-text\"> &#8220;Vizura Aperta Momjan&#8221;<\/span><\/a><\/p>\n","protected":false},"author":2,"featured_media":0,"parent":22,"menu_order":20,"comment_status":"closed","ping_status":"closed","template":"","meta":{"footnotes":""},"class_list":["post-833","page","type-page","status-publish","hentry"],"_links":{"self":[{"href":"https:\/\/blog.alu.hr\/index.php?rest_route=\/wp\/v2\/pages\/833","targetHints":{"allow":["GET"]}}],"collection":[{"href":"https:\/\/blog.alu.hr\/index.php?rest_route=\/wp\/v2\/pages"}],"about":[{"href":"https:\/\/blog.alu.hr\/index.php?rest_route=\/wp\/v2\/types\/page"}],"author":[{"embeddable":true,"href":"https:\/\/blog.alu.hr\/index.php?rest_route=\/wp\/v2\/users\/2"}],"replies":[{"embeddable":true,"href":"https:\/\/blog.alu.hr\/index.php?rest_route=%2Fwp%2Fv2%2Fcomments&post=833"}],"version-history":[{"count":17,"href":"https:\/\/blog.alu.hr\/index.php?rest_route=\/wp\/v2\/pages\/833\/revisions"}],"predecessor-version":[{"id":2887,"href":"https:\/\/blog.alu.hr\/index.php?rest_route=\/wp\/v2\/pages\/833\/revisions\/2887"}],"up":[{"embeddable":true,"href":"https:\/\/blog.alu.hr\/index.php?rest_route=\/wp\/v2\/pages\/22"}],"wp:attachment":[{"href":"https:\/\/blog.alu.hr\/index.php?rest_route=%2Fwp%2Fv2%2Fmedia&parent=833"}],"curies":[{"name":"wp","href":"https:\/\/api.w.org\/{rel}","templated":true}]}}

<p><a href="https://blog.alu.hr/wp-content/uploads/2009/08/dsc_1749.png"><img loading="lazy" decoding="async" class="alignnone size-full wp-image-834" title="dsc_1749" alt="dsc_1749" src="https://blog.alu.hr/wp-content/uploads/2009/08/dsc_1749.png" width="700" height="465" srcset="https://blog.alu.hr/wp-content/uploads/2009/08/dsc_1749.png 700w, https://blog.alu.hr/wp-content/uploads/2009/08/dsc_1749-300x199.png 300w" sizes="auto, (max-width: 700px) 85vw, 700px" /></a></p>
<p><a href="http://www.vizura-aperta.net/">vizura aperta</a></p>
<p>IDEJA FESTIVALA je prikazati otvorenost granica vizualnih i audio medija paralelne s različitostima i suživotom na kulturno-socijalnom planu</p>
<p>u samom prostoru u kojim se festival održava i to kroz interakciju (spoj projekcija I fotografija, arhitekture, kroz različite materijale i medije, te komunikaciju radova s prirodom i arhitekturom vidljiva u ideji i izlaganju na otvorenom, na specifičnim lokacijama u samom mjestu- prozori i unutrašnjost kuća, ulice, trgovi itd.</p>
<p>U sklopu festivala djeluje i multimedijalna RADIONICA koja formalno istražuje prostore komunikacije različitih medija, a sadržajno socijalni sustav vrijednosti i odnosa unutar njega (probleme izolacije i komunikacije, marginalizacije i centraliziranosti, kompromis, fleksibilnost i otvorenost unutar umjetničke i arhitektonske struke, te društvenih struktura).</p>
<p>Radionica (Laboratorio) ubacuje autora – opremljenog vlastitim idejama, kulturnim i edukacijskim nasljeđem – u proces upoznavanja s novim i različitim načinima mišljenja i djelovanja.</p>
<p>Kustosica i organizatorica festivala je Davorka Perić</p>

<p>vizura aperta IDEJA FESTIVALA je prikazati otvorenost granica vizualnih i audio medija paralelne s različitostima i suživotom na kulturno-socijalnom planu u samom prostoru u kojim se festival održava i to kroz interakciju (spoj projekcija I fotografija, arhitekture, kroz različite materijale i medije, te komunikaciju radova s prirodom i arhitekturom vidljiva u ideji i izlaganju na &hellip; <a href="https://blog.alu.hr/?page_id=833" class="more-link">Continue reading<span class="screen-reader-text"> &#8220;Vizura Aperta Momjan&#8221;</span></a></p>
