{"id":4898,"date":"2024-12-01T21:47:19","date_gmt":"2024-12-01T19:47:19","guid":{"rendered":"https:\/\/blog.alu.hr\/?page_id=4898"},"modified":"2024-12-01T21:53:49","modified_gmt":"2024-12-01T19:53:49","slug":"oprema-i-prostori","status":"publish","type":"page","link":"https:\/\/blog.alu.hr\/?page_id=4898","title":{"rendered":"oprema i prostori"},"content":{"rendered":"\n<figure class=\"wp-block-image size-full\"><a href=\"https:\/\/blog.alu.hr\/wp-content\/uploads\/2024\/12\/image.png\"><img loading=\"lazy\" decoding=\"async\" width=\"960\" height=\"720\" src=\"https:\/\/blog.alu.hr\/wp-content\/uploads\/2024\/12\/image.png\" alt=\"\" class=\"wp-image-4908\" srcset=\"https:\/\/blog.alu.hr\/wp-content\/uploads\/2024\/12\/image.png 960w, https:\/\/blog.alu.hr\/wp-content\/uploads\/2024\/12\/image-300x225.png 300w, https:\/\/blog.alu.hr\/wp-content\/uploads\/2024\/12\/image-768x576.png 768w\" sizes=\"auto, (max-width: 709px) 85vw, (max-width: 909px) 67vw, (max-width: 1362px) 62vw, 840px\" \/><\/a><\/figure>\n\n\n\n<div style=\"height:40px\" aria-hidden=\"true\" class=\"wp-block-spacer\"><\/div>\n\n\n\n<p>Odsjek je dobro opremljen digitalnim fotoaparatima, filmskom rasvjetom, snima\u010dima zvuka, profesionalnim mikrofonima, video i audio miksetama, projektorima, zvu\u010dnicima, monitorima,&nbsp; ra\u010dunalima, te profesionalnim programima za obradu slike i zvuka.<\/p>\n\n\n\n<p>Novi mediji su opremljeni fotolabaratorijem, media labom, gluhom sobom, radnom sobom za rad u materijalu i \u0161iva\u0107om sobom.<br><\/p>\n\n\n\n<div style=\"height:40px\" aria-hidden=\"true\" class=\"wp-block-spacer\"><\/div>\n\n\n\n<p><strong>OPREMA i LABOVI<\/strong><\/p>\n\n\n\n<div style=\"height:20px\" aria-hidden=\"true\" class=\"wp-block-spacer\"><\/div>\n\n\n\n<p>Kompjuterske u\u010dionice sa 16 Mac i PC ra\u010dunala.<\/p>\n\n\n\n<p><strong>Software:<\/strong><\/p>\n\n\n\n<ul class=\"wp-block-list\">\n<li>Adobe paket (Photoshop, Illustrator, InDesign\u2026)<\/li>\n\n\n\n<li>Software za obradu videa Premiere Pro<\/li>\n\n\n\n<li>3D i VFX software kao \u0161to su After Effect, Blender, Cinema 4D, Resolume<\/li>\n\n\n\n<li>Audio software Ableton<\/li>\n\n\n\n<li>Software za animaciju TVPaint<\/li>\n<\/ul>\n\n\n\n<p><strong>Dodatna oprema:<\/strong><\/p>\n\n\n\n<ul class=\"wp-block-list\">\n<li>Wacom i Huion tableti<\/li>\n\n\n\n<li>Skener 35mm filma<\/li>\n\n\n\n<li>Skener A4 dokumenata<\/li>\n<\/ul>\n\n\n\n<p><strong>Iznajmljivanje kamera i A\/V opreme tijekom studija<\/strong><\/p>\n\n\n\n<ul class=\"wp-block-list\">\n<li>Digitalne kamere (Canon, Blackmagic, Sony, GoPro, Insta360)<\/li>\n\n\n\n<li>Optoma i Viewsonic projektori<\/li>\n\n\n\n<li>Ekrani i kompjuterski monitori, crt televizori<\/li>\n\n\n\n<li>Oprema za snimanje zvuka (Zoom snima\u010di, kontaktni mikrofoni, usmjereni mikrofoni, bubice\u2026)<\/li>\n\n\n\n<li>Miksete, zvu\u010dne kartice, slu\u0161alice<\/li>\n\n\n\n<li>Foto i video stativi i rasvjeta<\/li>\n\n\n\n<li>Raspberry i media playeri<\/li>\n<\/ul>\n\n\n\n<p><strong>Gluha soba<\/strong><\/p>\n\n\n\n<ul class=\"wp-block-list\">\n<li>Zvu\u010dno izolirani prostor za snimanje u kontroliranim uvjetima opremljen s Mac ra\u010dunalom i Ableton softwareom<\/li>\n\n\n\n<li>Razli\u010dite vrste mikrofona, zoom multifield recorder, Launchcontrol XL mixeta, MIDI klavijature, slu\u0161alice i zvu\u010dnici<\/li>\n<\/ul>\n\n\n\n<p><strong>Media lab<\/strong><\/p>\n\n\n\n<ul class=\"wp-block-list\">\n<li>Potpuno zatamljeni prostor za live video mixanje i projection mapping<\/li>\n\n\n\n<li>Mac kompjuter s Resolume Arena, Premiere i After effects programima, mixeta, projektor, zvu\u010dnici<\/li>\n<\/ul>\n\n\n\n<p><strong>Foto lab<\/strong><\/p>\n\n\n\n<ul class=\"wp-block-list\">\n<li>Prostor za razvijanje analognog filma, pove\u0107anje i razvijanje fotografija<\/li>\n\n\n\n<li>Emulzije za razvijanje filma, aparati za pove\u0107avanje<\/li>\n<\/ul>\n\n\n\n<p><strong>Dirty room<\/strong><\/p>\n\n\n\n<ul class=\"wp-block-list\">\n<li>Prostor za manualni rad, opremljen radnim stolom i alatima za izradu skulpturalnih dijelova rada i rad s \u201eprljavim\u201c materijalima<\/li>\n\n\n\n<li>Bu\u0161ilice, \u010deki\u0107, \u010davli, spu\u017eve, drvo, staklo, \u0161pahtle\u2026<\/li>\n<\/ul>\n\n\n\n<p><strong>\u0160iva\u0107a<\/strong><\/p>\n\n\n\n<ul class=\"wp-block-list\">\n<li>Prostor opremljen s 3 \u0161iva\u0107e ma\u0161ine za izradu mekih skulpturalnih radova, dijelova instalacije ili kostima za performans\u2026<\/li>\n\n\n\n<li>Brother i Singer \u0161iva\u0107e ma\u0161ine, 3 \u0161iva\u0107a stola, tkanine, osnovni pribor za \u0161ivanje<\/li>\n<\/ul>\n","protected":false},"excerpt":{"rendered":"<p>Odsjek je dobro opremljen digitalnim fotoaparatima, filmskom rasvjetom, snima\u010dima zvuka, profesionalnim mikrofonima, video i audio miksetama, projektorima, zvu\u010dnicima, monitorima,&nbsp; ra\u010dunalima, te profesionalnim programima za obradu slike i zvuka. Novi mediji su opremljeni fotolabaratorijem, media labom, gluhom sobom, radnom sobom za rad u materijalu i \u0161iva\u0107om sobom. OPREMA i LABOVI Kompjuterske u\u010dionice sa 16 Mac i &hellip; <a href=\"https:\/\/blog.alu.hr\/?page_id=4898\" class=\"more-link\">Continue reading<span class=\"screen-reader-text\"> &#8220;oprema i prostori&#8221;<\/span><\/a><\/p>\n","protected":false},"author":2,"featured_media":0,"parent":0,"menu_order":5,"comment_status":"closed","ping_status":"closed","template":"","meta":{"footnotes":""},"class_list":["post-4898","page","type-page","status-publish","hentry"],"_links":{"self":[{"href":"https:\/\/blog.alu.hr\/index.php?rest_route=\/wp\/v2\/pages\/4898","targetHints":{"allow":["GET"]}}],"collection":[{"href":"https:\/\/blog.alu.hr\/index.php?rest_route=\/wp\/v2\/pages"}],"about":[{"href":"https:\/\/blog.alu.hr\/index.php?rest_route=\/wp\/v2\/types\/page"}],"author":[{"embeddable":true,"href":"https:\/\/blog.alu.hr\/index.php?rest_route=\/wp\/v2\/users\/2"}],"replies":[{"embeddable":true,"href":"https:\/\/blog.alu.hr\/index.php?rest_route=%2Fwp%2Fv2%2Fcomments&post=4898"}],"version-history":[{"count":8,"href":"https:\/\/blog.alu.hr\/index.php?rest_route=\/wp\/v2\/pages\/4898\/revisions"}],"predecessor-version":[{"id":4909,"href":"https:\/\/blog.alu.hr\/index.php?rest_route=\/wp\/v2\/pages\/4898\/revisions\/4909"}],"wp:attachment":[{"href":"https:\/\/blog.alu.hr\/index.php?rest_route=%2Fwp%2Fv2%2Fmedia&parent=4898"}],"curies":[{"name":"wp","href":"https:\/\/api.w.org\/{rel}","templated":true}]}}