{"id":458,"date":"2009-07-08T18:22:20","date_gmt":"2009-07-08T16:22:20","guid":{"rendered":"http:\/\/blog.alu.hr\/?page_id=458"},"modified":"2023-12-10T16:28:25","modified_gmt":"2023-12-10T14:28:25","slug":"2005-2","status":"publish","type":"page","link":"https:\/\/blog.alu.hr\/?page_id=458","title":{"rendered":"2004"},"content":{"rendered":"\n<div style=\"height:100px\" aria-hidden=\"true\" class=\"wp-block-spacer\"><\/div>\n\n\n\n<p><strong>Zdenko Ba\u0161i\u0107<\/strong><\/p>\n\n\n\n<div style=\"height:23px\" aria-hidden=\"true\" class=\"wp-block-spacer\"><\/div>\n\n\n<p><iframe loading=\"lazy\" title=\"Prica o snijegu - ON\" width=\"840\" height=\"630\" src=\"https:\/\/www.youtube.com\/embed\/0BFbrTbyd-0?start=3&#038;feature=oembed\" frameborder=\"0\" allow=\"accelerometer; autoplay; clipboard-write; encrypted-media; gyroscope; picture-in-picture; web-share\" allowfullscreen><\/iframe><\/p>\n\n\n\n<p><strong>Pri\u010da o Snijegu\/Snow Story, Zdenko Ba\u0161i\u0107,<\/strong> Lutka film, 2005, ALU<\/p>\n\n\n\n<div style=\"height:100px\" aria-hidden=\"true\" class=\"wp-block-spacer\"><\/div>\n\n\n\n<h2 class=\"wp-block-heading\">Smiljana \u010coh<br><\/h2>\n\n\n\n<p><strong>Vivek ide daleko,  2004<\/strong><\/p>\n\n\n\n<p><iframe loading=\"lazy\" title=\"Vivek Ide Daleko\" width=\"840\" height=\"630\" src=\"https:\/\/www.youtube.com\/embed\/0I0Zsgzjlqk?feature=oembed\" frameborder=\"0\" allow=\"accelerometer; autoplay; clipboard-write; encrypted-media; gyroscope; picture-in-picture; web-share\" referrerpolicy=\"strict-origin-when-cross-origin\" allowfullscreen><\/iframe><\/p>\n\n\n\n<p><br><\/p>\n\n\n\n<div style=\"height:100px\" aria-hidden=\"true\" class=\"wp-block-spacer\"><\/div>\n\n\n\n<p><strong>Neven Mihajlovi\u0107 Cvjetinjanin<\/strong><\/p>\n\n\n\n<p><br><\/p>\n\n\n<div class=\"wp-block-image\">\n<figure class=\"alignleft\"><a href=\"https:\/\/blog.alu.hr\/wp-content\/uploads\/2009\/07\/neven_mihajlovic.jpg\"><img loading=\"lazy\" decoding=\"async\" width=\"227\" height=\"181\" src=\"https:\/\/blog.alu.hr\/wp-content\/uploads\/2009\/07\/neven_mihajlovic.jpg\" alt=\"neven_mihajlovic\" class=\"wp-image-492\" title=\"neven_mihajlovic\"\/><\/a><\/figure><\/div>\n\n\n<p><strong>Lule, <\/strong>kombinirana tehnika, 2004<\/p>\n\n\n\n<div style=\"height:100px\" aria-hidden=\"true\" class=\"wp-block-spacer\"><\/div>\n\n\n\n<div style=\"height:191px\" aria-hidden=\"true\" class=\"wp-block-spacer\"><\/div>\n\n\n\n<p><\/p>\n\n\n\n<p><\/p>\n","protected":false},"excerpt":{"rendered":"<p>Zdenko Ba\u0161i\u0107 Pri\u010da o Snijegu\/Snow Story, Zdenko Ba\u0161i\u0107, Lutka film, 2005, ALU Smiljana \u010coh Vivek ide daleko, 2004 Neven Mihajlovi\u0107 Cvjetinjanin Lule, kombinirana tehnika, 2004<\/p>\n","protected":false},"author":2,"featured_media":0,"parent":526,"menu_order":20,"comment_status":"closed","ping_status":"closed","template":"","meta":{"footnotes":""},"class_list":["post-458","page","type-page","status-publish","hentry"],"_links":{"self":[{"href":"https:\/\/blog.alu.hr\/index.php?rest_route=\/wp\/v2\/pages\/458","targetHints":{"allow":["GET"]}}],"collection":[{"href":"https:\/\/blog.alu.hr\/index.php?rest_route=\/wp\/v2\/pages"}],"about":[{"href":"https:\/\/blog.alu.hr\/index.php?rest_route=\/wp\/v2\/types\/page"}],"author":[{"embeddable":true,"href":"https:\/\/blog.alu.hr\/index.php?rest_route=\/wp\/v2\/users\/2"}],"replies":[{"embeddable":true,"href":"https:\/\/blog.alu.hr\/index.php?rest_route=%2Fwp%2Fv2%2Fcomments&post=458"}],"version-history":[{"count":47,"href":"https:\/\/blog.alu.hr\/index.php?rest_route=\/wp\/v2\/pages\/458\/revisions"}],"predecessor-version":[{"id":4554,"href":"https:\/\/blog.alu.hr\/index.php?rest_route=\/wp\/v2\/pages\/458\/revisions\/4554"}],"up":[{"embeddable":true,"href":"https:\/\/blog.alu.hr\/index.php?rest_route=\/wp\/v2\/pages\/526"}],"wp:attachment":[{"href":"https:\/\/blog.alu.hr\/index.php?rest_route=%2Fwp%2Fv2%2Fmedia&parent=458"}],"curies":[{"name":"wp","href":"https:\/\/api.w.org\/{rel}","templated":true}]}}