{"id":4479,"date":"2023-12-08T14:57:13","date_gmt":"2023-12-08T12:57:13","guid":{"rendered":"https:\/\/blog.alu.hr\/?page_id=4479"},"modified":"2024-12-01T22:23:03","modified_gmt":"2024-12-01T20:23:03","slug":"2022-2","status":"publish","type":"page","link":"https:\/\/blog.alu.hr\/?page_id=4479","title":{"rendered":"2022"},"content":{"rendered":"\n<div style=\"height:100px\" aria-hidden=\"true\" class=\"wp-block-spacer\"><\/div>\n\n\n\n<p><\/p>\n\n\n\n<p><\/p>\n\n\n\n<p>Lara Kulenovi\u0107<\/p>\n\n\n\n<div style=\"height:30px\" aria-hidden=\"true\" class=\"wp-block-spacer\"><\/div>\n\n\n\n<div class=\"wp-block-group is-content-justification-left is-nowrap is-layout-flex wp-container-core-group-is-layout-1 wp-block-group-is-layout-flex\">\n<p><\/p>\n\n\n\n<figure class=\"wp-block-image size-large is-resized\"><a href=\"https:\/\/blog.alu.hr\/wp-content\/uploads\/2023\/12\/IMG_0716-2-scaled.jpg\"><img loading=\"lazy\" decoding=\"async\" src=\"https:\/\/blog.alu.hr\/wp-content\/uploads\/2023\/12\/IMG_0716-2-683x1024.jpg\" alt=\"\" class=\"wp-image-4488\" width=\"342\" height=\"512\" srcset=\"https:\/\/blog.alu.hr\/wp-content\/uploads\/2023\/12\/IMG_0716-2-683x1024.jpg 683w, https:\/\/blog.alu.hr\/wp-content\/uploads\/2023\/12\/IMG_0716-2-200x300.jpg 200w, https:\/\/blog.alu.hr\/wp-content\/uploads\/2023\/12\/IMG_0716-2-768x1152.jpg 768w, https:\/\/blog.alu.hr\/wp-content\/uploads\/2023\/12\/IMG_0716-2-1024x1536.jpg 1024w, https:\/\/blog.alu.hr\/wp-content\/uploads\/2023\/12\/IMG_0716-2-1365x2048.jpg 1365w, https:\/\/blog.alu.hr\/wp-content\/uploads\/2023\/12\/IMG_0716-2-scaled.jpg 1707w\" sizes=\"auto, (max-width: 342px) 85vw, 342px\" \/><\/a><\/figure>\n\n\n\n<figure class=\"wp-block-image size-large is-resized\"><a href=\"https:\/\/blog.alu.hr\/wp-content\/uploads\/2023\/12\/IMG_0709-2-scaled.jpg\"><img loading=\"lazy\" decoding=\"async\" src=\"https:\/\/blog.alu.hr\/wp-content\/uploads\/2023\/12\/IMG_0709-2-683x1024.jpg\" alt=\"\" class=\"wp-image-4489\" width=\"342\" height=\"512\" srcset=\"https:\/\/blog.alu.hr\/wp-content\/uploads\/2023\/12\/IMG_0709-2-683x1024.jpg 683w, https:\/\/blog.alu.hr\/wp-content\/uploads\/2023\/12\/IMG_0709-2-200x300.jpg 200w, https:\/\/blog.alu.hr\/wp-content\/uploads\/2023\/12\/IMG_0709-2-768x1152.jpg 768w, https:\/\/blog.alu.hr\/wp-content\/uploads\/2023\/12\/IMG_0709-2-1024x1536.jpg 1024w, https:\/\/blog.alu.hr\/wp-content\/uploads\/2023\/12\/IMG_0709-2-1365x2048.jpg 1365w, https:\/\/blog.alu.hr\/wp-content\/uploads\/2023\/12\/IMG_0709-2-scaled.jpg 1707w\" sizes=\"auto, (max-width: 342px) 85vw, 342px\" \/><\/a><\/figure>\n<\/div>\n\n\n\n<div style=\"height:100px\" aria-hidden=\"true\" class=\"wp-block-spacer\"><\/div>\n\n\n\n<p>Lucija Bogunovi\u0107<\/p>\n\n\n\n<div style=\"height:75px\" aria-hidden=\"true\" class=\"wp-block-spacer\"><\/div>\n\n\n\n<figure class=\"wp-block-image size-full is-resized\"><a href=\"https:\/\/blog.alu.hr\/wp-content\/uploads\/2023\/12\/1.png\"><img loading=\"lazy\" decoding=\"async\" src=\"https:\/\/blog.alu.hr\/wp-content\/uploads\/2023\/12\/1.png\" alt=\"\" class=\"wp-image-4495\" width=\"683\" height=\"457\" srcset=\"https:\/\/blog.alu.hr\/wp-content\/uploads\/2023\/12\/1.png 454w, https:\/\/blog.alu.hr\/wp-content\/uploads\/2023\/12\/1-300x201.png 300w\" sizes=\"auto, (max-width: 683px) 85vw, 683px\" \/><\/a><\/figure>\n\n\n\n<p>Rachel Ingeborg<\/p>\n\n\n\n<figure class=\"wp-block-image size-large\"><a href=\"https:\/\/blog.alu.hr\/wp-content\/uploads\/2023\/12\/5_INGEBORG_REICHEL_BA3-scaled.jpg\"><img loading=\"lazy\" decoding=\"async\" width=\"1024\" height=\"768\" src=\"https:\/\/blog.alu.hr\/wp-content\/uploads\/2023\/12\/5_INGEBORG_REICHEL_BA3-1024x768.jpg\" alt=\"\" class=\"wp-image-4615\" srcset=\"https:\/\/blog.alu.hr\/wp-content\/uploads\/2023\/12\/5_INGEBORG_REICHEL_BA3-1024x768.jpg 1024w, https:\/\/blog.alu.hr\/wp-content\/uploads\/2023\/12\/5_INGEBORG_REICHEL_BA3-300x225.jpg 300w, https:\/\/blog.alu.hr\/wp-content\/uploads\/2023\/12\/5_INGEBORG_REICHEL_BA3-768x576.jpg 768w, https:\/\/blog.alu.hr\/wp-content\/uploads\/2023\/12\/5_INGEBORG_REICHEL_BA3-1536x1152.jpg 1536w, https:\/\/blog.alu.hr\/wp-content\/uploads\/2023\/12\/5_INGEBORG_REICHEL_BA3-2048x1536.jpg 2048w\" sizes=\"auto, (max-width: 709px) 85vw, (max-width: 909px) 67vw, (max-width: 1362px) 62vw, 840px\" \/><\/a><\/figure>\n\n\n\n<p>Ante Dujmi\u0107<\/p>\n\n\n\n<figure class=\"wp-block-image size-large\"><a href=\"https:\/\/blog.alu.hr\/wp-content\/uploads\/2023\/12\/1-1.png\"><img loading=\"lazy\" decoding=\"async\" width=\"768\" height=\"1024\" src=\"https:\/\/blog.alu.hr\/wp-content\/uploads\/2023\/12\/1-1-768x1024.png\" alt=\"\" class=\"wp-image-4508\" srcset=\"https:\/\/blog.alu.hr\/wp-content\/uploads\/2023\/12\/1-1-768x1024.png 768w, https:\/\/blog.alu.hr\/wp-content\/uploads\/2023\/12\/1-1-225x300.png 225w, https:\/\/blog.alu.hr\/wp-content\/uploads\/2023\/12\/1-1.png 945w\" sizes=\"auto, (max-width: 768px) 85vw, 768px\" \/><\/a><\/figure>\n\n\n\n<p>Luka Tomi\u0107<\/p>\n\n\n\n<figure class=\"wp-block-image size-large is-resized\"><a href=\"https:\/\/blog.alu.hr\/wp-content\/uploads\/2023\/12\/Screenshot-2023-12-10-at-14.15.46.png\"><img loading=\"lazy\" decoding=\"async\" src=\"https:\/\/blog.alu.hr\/wp-content\/uploads\/2023\/12\/Screenshot-2023-12-10-at-14.15.46-1024x743.png\" alt=\"\" class=\"wp-image-4513\" width=\"773\" height=\"560\" srcset=\"https:\/\/blog.alu.hr\/wp-content\/uploads\/2023\/12\/Screenshot-2023-12-10-at-14.15.46-1024x743.png 1024w, https:\/\/blog.alu.hr\/wp-content\/uploads\/2023\/12\/Screenshot-2023-12-10-at-14.15.46-300x218.png 300w, https:\/\/blog.alu.hr\/wp-content\/uploads\/2023\/12\/Screenshot-2023-12-10-at-14.15.46-768x557.png 768w, https:\/\/blog.alu.hr\/wp-content\/uploads\/2023\/12\/Screenshot-2023-12-10-at-14.15.46-1536x1114.png 1536w, https:\/\/blog.alu.hr\/wp-content\/uploads\/2023\/12\/Screenshot-2023-12-10-at-14.15.46.png 1696w\" sizes=\"auto, (max-width: 773px) 85vw, 773px\" \/><\/a><\/figure>\n\n\n\n<p><\/p>\n\n\n\n<p><\/p>\n","protected":false},"excerpt":{"rendered":"<p>Lara Kulenovi\u0107 Lucija Bogunovi\u0107 Rachel Ingeborg Ante Dujmi\u0107 Luka Tomi\u0107<\/p>\n","protected":false},"author":7,"featured_media":0,"parent":19,"menu_order":13,"comment_status":"closed","ping_status":"closed","template":"","meta":{"footnotes":""},"class_list":["post-4479","page","type-page","status-publish","hentry"],"_links":{"self":[{"href":"https:\/\/blog.alu.hr\/index.php?rest_route=\/wp\/v2\/pages\/4479","targetHints":{"allow":["GET"]}}],"collection":[{"href":"https:\/\/blog.alu.hr\/index.php?rest_route=\/wp\/v2\/pages"}],"about":[{"href":"https:\/\/blog.alu.hr\/index.php?rest_route=\/wp\/v2\/types\/page"}],"author":[{"embeddable":true,"href":"https:\/\/blog.alu.hr\/index.php?rest_route=\/wp\/v2\/users\/7"}],"replies":[{"embeddable":true,"href":"https:\/\/blog.alu.hr\/index.php?rest_route=%2Fwp%2Fv2%2Fcomments&post=4479"}],"version-history":[{"count":21,"href":"https:\/\/blog.alu.hr\/index.php?rest_route=\/wp\/v2\/pages\/4479\/revisions"}],"predecessor-version":[{"id":4639,"href":"https:\/\/blog.alu.hr\/index.php?rest_route=\/wp\/v2\/pages\/4479\/revisions\/4639"}],"up":[{"embeddable":true,"href":"https:\/\/blog.alu.hr\/index.php?rest_route=\/wp\/v2\/pages\/19"}],"wp:attachment":[{"href":"https:\/\/blog.alu.hr\/index.php?rest_route=%2Fwp%2Fv2%2Fmedia&parent=4479"}],"curies":[{"name":"wp","href":"https:\/\/api.w.org\/{rel}","templated":true}]}}