{"id":266,"date":"2009-05-16T16:06:07","date_gmt":"2009-05-16T14:06:07","guid":{"rendered":"http:\/\/blog.alu.hr\/?page_id=266"},"modified":"2026-02-26T16:34:07","modified_gmt":"2026-02-26T14:34:07","slug":"prijemni-2","status":"publish","type":"page","link":"https:\/\/blog.alu.hr\/?page_id=266","title":{"rendered":"prijemni"},"content":{"rendered":"\n<h2 class=\"wp-block-heading has-vivid-green-cyan-color has-pale-cyan-blue-background-color has-text-color has-background\" style=\"font-size:25px\"><strong><a href=\"#preddiplomski\">PRIJEMNI PRIJEDIPLOMSKI STUDIJ<\/a><\/strong><\/h2>\n\n\n\n<h2 class=\"wp-block-heading has-pale-pink-background-color has-text-color has-background\" style=\"color:#07fbb2;font-size:25px\"><strong><a href=\"#diplomski\">PRIJEMNI  DIPLOMSKI STUDIJ <\/a><\/strong><\/h2>\n\n\n<div class=\"wp-block-image\">\n<figure class=\"alignleft size-large\"><img loading=\"lazy\" decoding=\"async\" width=\"803\" height=\"600\" src=\"https:\/\/blog.alu.hr\/wp-content\/uploads\/2009\/05\/snapshot2.jpg\" alt=\"\" class=\"wp-image-46\" srcset=\"https:\/\/blog.alu.hr\/wp-content\/uploads\/2009\/05\/snapshot2.jpg 803w, https:\/\/blog.alu.hr\/wp-content\/uploads\/2009\/05\/snapshot2-300x224.jpg 300w\" sizes=\"auto, (max-width: 803px) 85vw, 803px\" \/><\/figure><\/div>\n\n\n<div style=\"height:36px\" aria-hidden=\"true\" class=\"wp-block-spacer\"><\/div>\n\n\n\n<h2 class=\"wp-block-heading has-pale-pink-background-color has-text-color has-background\" id=\"diplomski\" style=\"color:#07fbb2;font-size:21px\"><strong>PRIJEMNI  DIPLOMSKI STUDIJ<\/strong> <strong>2025\/26: <\/strong><\/h2>\n\n\n\n<p class=\"has-pale-pink-background-color has-background has-normal-font-size\">Svi_e zainteresirane_i kandidati_tkinje za prijemni ispit za diplomski studij Novi mediji mogu se konzultirati online i u\u017eivo. Molimo vas da se obratite na mail alu.ozafin@gmail.com .<\/p>\n\n\n\n<div style=\"height:20px\" aria-hidden=\"true\" class=\"wp-block-spacer\"><\/div>\n\n\n\n<p class=\"has-medium-font-size\"><strong>SMJER NOVI MEDIJI <\/strong><\/p>\n\n\n\n<p>Prijave za pristup razredbenom postupku primat \u0107e se u studentskoj referadi Akademije likovnih umjetnosti Sveu\u010dili\u0161ta u Zagrebu, Rudolfa Kolaka 12 (Jadran film) u utorak 23. i srijedu, 24. rujna 2025., od 10:00 do 14:00 sati<\/p>\n\n\n\n<div style=\"height:20px\" aria-hidden=\"true\" class=\"wp-block-spacer\"><\/div>\n\n\n\n<p class=\"has-pale-pink-background-color has-text-color has-background has-medium-font-size\" style=\"color:#07fbb2\"><strong>KAD?<\/strong><\/p>\n\n\n\n<ul class=\"wp-block-list\">\n<li>Prijave &#8211; utorak 23. i srijedu, 24. rujna 2025., od 10:00 do 14:00 sati.<\/li>\n\n\n\n<li>Razredbeni postupak odr\u017eat \u0107e se u \u010detvrtak, 25. i petak, 26. rujna 2025.,<\/li>\n\n\n\n<li>Prvi dio prijemnog pregled mapa\/radova &#8211; <\/li>\n\n\n\n<li>Rezultati pregleda mapa\/radova &#8211; <\/li>\n\n\n\n<li>Drugi dio prijemnog &#8211; <\/li>\n\n\n\n<li>Rezultati razredbenog postupka za upis u 1. godinu diplomskih studija u ak. god. 2025.\/2026., 30. rujna 2025. god. od 15:00 sati na web stranici i oglasnim plo\u010dama ALU<\/li>\n\n\n\n<li>Upisi u 1. godinu diplomskih studija provodit \u0107e se od petka, 3. do utorka, 7. listopada 2025<\/li>\n<\/ul>\n\n\n\n<p><a rel=\"noreferrer noopener\" href=\"https:\/\/www.unizg.hr\/fileadmin\/rektorat\/Studiji_studiranje\/Upisi\/Natjecaji_kvote\/upisi\/2024_2025\/NATJECAJ_diplomski_24_25.pdf\" target=\"_blank\">Tekst natje\u010daja za upis na diplomski studij <\/a><\/p>\n\n\n\n<p class=\"has-pale-pink-background-color has-text-color has-background has-medium-font-size\" style=\"color:#07fbb2\"><strong>GDJE?<\/strong><\/p>\n\n\n\n<p>Odsjek za nove medije, Akademija likovnih umjetnosti, Rudolfa Kolaka 12 (Jadran film) , Dubrava<\/p>\n\n\n\n<div style=\"height:20px\" aria-hidden=\"true\" class=\"wp-block-spacer\"><\/div>\n\n\n\n<p class=\"has-pale-pink-background-color has-text-color has-background has-medium-font-size\" style=\"color:#07fbb2\"><strong>\u0160TO?<\/strong><\/p>\n\n\n\n<p>mapu radova, koja mo\u017ee uklju\u010divati: <\/p>\n\n\n\n<p>filmove, video i filmske radove, zvu\u010dne radove, dokumentaciju instalacija, performansa, izvedbi, happeninga, knjige umjetnika, tekstove, fotografije itd. (prezentacija medijskih radova na USB-u),<\/p>\n\n\n\n<p>pismo motivacije u kojem se navodi:<\/p>\n\n\n\n<p><\/p>\n\n\n\n<ul class=\"wp-block-list\">\n<li>klju\u010dna upori\u0161ta u dosada\u0161njem radu i projekciju vlastitog rada na diplomskom studiju (i mogu\u0107a teorijska upori\u0161ta).<\/li>\n<\/ul>\n\n\n\n<div style=\"height:20px\" aria-hidden=\"true\" class=\"wp-block-spacer\"><\/div>\n\n\n\n<p class=\"has-pale-pink-background-color has-text-color has-background has-medium-font-size\" style=\"color:#07fbb2\"><strong>TKO SE MO\u017dE PRIJAVITI?<\/strong><\/p>\n\n\n\n<ul class=\"wp-block-list\">\n<li>Pravo prijave na natje\u010daj za upis na diplomski studij i pravo pristupa razredbenom postupku imaju pristupnici_e koji_e su zavr\u0161ili_e ili kojima je preostalo najvi\u0161e 30 ECTS bodova do zavr\u0161etka preddiplomskog studija.<\/li>\n<\/ul>\n\n\n\n<ul class=\"wp-block-list\">\n<li>pravo prijave na natje\u010daj za diplomski studij Novi mediji; smjerovi: Animirani film, Novi mediji i pravo pristupa razredbenom postupku imaju pristupnici_e koji_e su polo\u017eili_e sve propisane ispite na sveu\u010dili\u0161nom dodiplomskom studiju prema propisima koji su bili na snazi prije stupanja na snagu Zakona o znanstvenoj djelatnosti i visokom obrazovanju (\u00abNarodne novine\u00bb br. 123\/03)., a preostao im je samo diplomski ispit te je o navedenom du\u017ean_na prilo\u017eiti potvrdu.<\/li>\n<\/ul>\n\n\n\n<div style=\"height:20px\" aria-hidden=\"true\" class=\"wp-block-spacer\"><\/div>\n\n\n\n<p class=\"has-pale-pink-background-color has-text-color has-background has-medium-font-size\" style=\"color:#07fbb2\"><strong>TKO SE MO\u017dE UPISATI?<\/strong><\/p>\n\n\n\n<ul class=\"wp-block-list\">\n<li>Pravo upisa u prvu godinu diplomskog sveu\u010dili\u0161nog studija imaju pristupnici_e koji_e su zavr\u0161ili_e preddiplomski studij (bilo koji).<\/li>\n<\/ul>\n\n\n\n<p><\/p>\n\n\n\n<ul class=\"wp-block-list\">\n<li>Pravo upisa u prvu godinu diplomskog sveu\u010dili\u0161nog studija imaju i pristupnici_e koji_e su zavr\u0161ili_e sveu\u010dili\u0161ni dodiplomski studij prema propisima koji su bili na snazi prije stupanja na snagu Zakona o znanstvenoj djelatnosti i visokom obrazovanju (\u00abNarodne novine\u00bb br. 123\/03). <\/li>\n<\/ul>\n\n\n\n<div style=\"height:20px\" aria-hidden=\"true\" class=\"wp-block-spacer\"><\/div>\n\n\n\n<p class=\"has-vivid-red-color has-text-color has-small-font-size\"><\/p>\n\n\n\n<div style=\"height:20px\" aria-hidden=\"true\" class=\"wp-block-spacer\"><\/div>\n\n\n\n<p class=\"has-pale-pink-background-color has-text-color has-background has-medium-font-size\" style=\"color:#07fbb2\"><strong>ONO \u0160TO BI VOLJELI DA ZNATE O UMJETNOSTI UOP\u0106E<\/strong><\/p>\n\n\n\n<ul class=\"wp-block-list\">\n<li> dadaizam<\/li>\n\n\n\n<li> situacionizam<\/li>\n\n\n\n<li> fluxus<\/li>\n\n\n\n<li> konceptualna umjetnost<\/li>\n\n\n\n<li> video umjetnost<\/li>\n\n\n\n<li> feministi\u010dka umjetnost<\/li>\n\n\n\n<li> underground film<\/li>\n\n\n\n<li> eksperimentalni film<\/li>\n\n\n\n<li> moderni- postmoderni ples<\/li>\n\n\n\n<li> suvremena glazba<\/li>\n<\/ul>\n\n\n\n<div style=\"height:20px\" aria-hidden=\"true\" class=\"wp-block-spacer\"><\/div>\n\n\n\n<p class=\"has-pale-pink-background-color has-text-color has-background has-medium-font-size\" style=\"color:#07fbb2\"><strong>O UMJETNOSTI U HRVATA i okolo<\/strong><\/p>\n\n\n\n<p>Grupa \u0161estorice, Dalibor Martinis, Sanja Ivekovi\u0107, Ladislav Galeta, Mladen Stilinovi\u0107, Vlado Martek, Vlasta Delimar,  \u017deljko Jerman, Goran Petercol, Boris Cvjetanovi\u0107, Goran Trbuljak, Tomislav Gotovac, Katalin Ladik, Vladan Radovanovi\u0107 &#8230; &nbsp; OVO NIJE ISCRPAN POPIS, OVO JE OSNOVAN POPIS NA KOJI VI DODAJETE SVE \u0160TO JE VAMA ZANIMLJIVO&#8230;..<\/p>\n\n\n\n<div style=\"height:20px\" aria-hidden=\"true\" class=\"wp-block-spacer\"><\/div>\n\n\n\n<p class=\"has-pale-pink-background-color has-text-color has-background has-medium-font-size\" style=\"color:#07fbb2\"><strong>PREPORU\u010cENA OSNOVNA LITERATURA ZA SMJER NOVI MEDIJI<\/strong><\/p>\n\n\n\n<ul style=\"font-size:14px\" class=\"wp-block-list\">\n<li><a href=\"https:\/\/www.sas.upenn.edu\/~cavitch\/pdf-library\/Foucault_Author.pdf\">Michel Foucault, What is an Author <\/a>\/ \u0160to je Autor?<\/li>\n\n\n\n<li>Roland Barthes, <a href=\"https:\/\/sites.tufts.edu\/english292b\/files\/2012\/01\/Barthes-The-Death-of-the-Author.pdf\">The Death of the Author<\/a>\/ Smrt Autora<\/li>\n\n\n\n<li>Walter Benjamin, <a href=\"https:\/\/www.marxists.org\/reference\/archive\/benjamin\/1970\/author-producer.htm\">The Author as Producer<\/a>\/ Autor kao proizvo\u0111a\u010d<\/li>\n\n\n\n<li>Laura Mulvey, <a href=\"https:\/\/www.amherst.edu\/system\/files\/media\/1021\/Laura%2520Mulvey,%2520Visual%2520Pleasure.pdf\">Visual Pleasure and Narrative Cinema<\/a>\/Vizualni u\u017eitak i narativni film<\/li>\n\n\n\n<li>Griselda Pollock, About Canons and Culture Wars<\/li>\n\n\n\n<li>Carol Duncan, <a href=\"https:\/\/kurtharriger.webs.com\/Art-Museum-Article_Duncan.pdf\">The Art Museum as Ritual<\/a><\/li>\n\n\n\n<li>Michel de Certeau, <a href=\"https:\/\/monoskop.org\/images\/2\/2a\/De_Certeau_Michel_The_Practice_of_Everyday_Life.pdf\">The Practice of Everyday Life\/<\/a> Invencija svakodnevnice<\/li>\n\n\n\n<li>Irit Rogoff, What is a Theorist?<\/li>\n\n\n\n<li>Hal Foster \u2018The Artist as Ethnographer\u2019<\/li>\n\n\n\n<li>Vladan Radovanovi\u0107, Vokovizuel, Nolit, 1984.<\/li>\n<\/ul>\n\n\n\n<p style=\"font-size:14px\"><br>Ve\u0107ina ovih tekstova je dostupna na internetu, a Barthes, Foucault, Benjamin, Mulvey, Pollock su prevedeni na hrvatski, dostupni u knji\u017enicama&#8230;.<\/p>\n\n\n\n<div style=\"height:28px\" aria-hidden=\"true\" class=\"wp-block-spacer\"><\/div>\n\n\n\n<p class=\"has-pale-pink-background-color has-background has-normal-font-size\"><\/p>\n\n\n\n<div style=\"height:100px\" aria-hidden=\"true\" class=\"wp-block-spacer\"><\/div>\n\n\n\n<p>&#8212;&#8212;&#8212;&#8212;&#8212;&#8212;&#8212;&#8212;&#8212;&#8212;&#8212;&#8212;&#8212;&#8212;&#8212;&#8212;&#8212;&#8212;&#8212;&#8212;&#8212;&#8212;&#8212;&#8212;&#8212;&#8212;&#8212;&#8212;&#8212;&#8212;&#8212;&#8212;&#8212;&#8212;&#8212;&#8212;<\/p>\n\n\n\n<div style=\"height:20px\" aria-hidden=\"true\" class=\"wp-block-spacer\"><\/div>\n\n\n\n<p class=\"has-pale-cyan-blue-background-color has-background has-medium-font-size\" id=\"preddiplomski\"><strong>PRIJEMNI PRIJEDDIPLOMSKI STUDIJ 2026\/27:<\/strong><\/p>\n\n\n\n<figure class=\"wp-block-image size-large is-resized\"><img loading=\"lazy\" decoding=\"async\" width=\"803\" height=\"600\" src=\"https:\/\/blog.alu.hr\/wp-content\/uploads\/2009\/05\/snapshot2.jpg\" alt=\"\" class=\"wp-image-46\" style=\"width:244px;height:182px\" srcset=\"https:\/\/blog.alu.hr\/wp-content\/uploads\/2009\/05\/snapshot2.jpg 803w, https:\/\/blog.alu.hr\/wp-content\/uploads\/2009\/05\/snapshot2-300x224.jpg 300w\" sizes=\"auto, (max-width: 803px) 85vw, 803px\" \/><\/figure>\n\n\n\n<p><\/p>\n\n\n\n<p><\/p>\n\n\n\n<p><a href=\"https:\/\/blog.alu.hr\/wp-content\/uploads\/2024\/12\/Pravilnik-o-izmjenama-i-dopunama-Pravilnika-o-postupku-provjere-posebnih-znanjavjestina-i-sposobnosti-od-22.11.2024.pdf\" data-type=\"link\" data-id=\"https:\/\/blog.alu.hr\/wp-content\/uploads\/2024\/12\/Pravilnik-o-izmjenama-i-dopunama-Pravilnika-o-postupku-provjere-posebnih-znanjavjestina-i-sposobnosti-od-22.11.2024.pdf\">Pravilnik o izmjenama i dopunama Pravilnika o postupku provjere posebnih znanja, vje\u0161tina i sposobnosti<\/a><\/p>\n\n\n\n<div style=\"height:20px\" aria-hidden=\"true\" class=\"wp-block-spacer\"><\/div>\n\n\n\n<p class=\"has-pale-cyan-blue-background-color has-background has-normal-font-size\">Provjera posebnih znanja, vje\u0161tina i sposobnosti \u0107e se provesti od utorka, 23. lipnja do petka, 3. srpnja 2026.<\/p>\n\n\n\n<p class=\"has-pale-cyan-blue-background-color has-background has-normal-font-size\">7. 6. 2026. &#8211; zadnji dan prijave na studijske programe (postani-student.hr)<\/p>\n\n\n\n<p class=\"has-pale-cyan-blue-background-color has-background has-normal-font-size\">15.-16. 06. 2026.\u00a0&#8211; predaja mapa i dokumentacije &#8211; Ilica 85, od 9:00 do 14:00 sati<\/p>\n\n\n\n<p class=\"has-pale-cyan-blue-background-color has-background has-normal-font-size\">17.06.2026. &#8211; Pregled mapa &#8211; Objava rezultata (od 14:00h)<\/p>\n\n\n\n<p class=\"has-pale-cyan-blue-background-color has-background has-normal-font-size\">29.-30.06. 2026. &#8211; PRAKTI\u010cNI DIO PRIJEMNOG prema rasporedu koji \u0107e biti naknadno objavljen na web stranici i oglasnim plo\u010dama ALU, i na ovom blogu.<\/p>\n\n\n\n<p class=\"has-pale-cyan-blue-background-color has-background has-normal-font-size\">03.07.2026. &#8211; Rezultati provjere objavljeni u NISpVU<\/p>\n\n\n\n<p class=\"has-pale-cyan-blue-background-color has-background has-normal-font-size\">20. \u2013 23. 07. 2026. \u2013 Upisi u 1. god. studija (prema naknadno objavljenom rasporedu)<\/p>\n\n\n\n<div style=\"height:35px\" aria-hidden=\"true\" class=\"wp-block-spacer\"><\/div>\n\n\n\n<p class=\"has-vivid-cyan-blue-color has-text-color has-medium-font-size\"><strong>PRVI DIO ISPITA<\/strong>&nbsp;&#8211; mapa<\/p>\n\n\n\n<p class=\"has-pale-cyan-blue-background-color has-background has-normal-font-size\"><strong>pismo motivacije<\/strong> &#8211; 1 do 2 kartice. U pismu motivacije napi\u0161ite koji su va\u0161i interesi i razlozi za ovaj studijski program, koje vje\u0161tine vas \u010dine kompetentnim, spomenite umjetnike\/ice, radove i\/ ili umjetni\u010dke pravce koje poznajete i koji vas inspiriraju, do 20% posvetite i svojim drugim interesima i vje\u0161tinama i poku\u0161ajte ih povezati uz interes za studij. <\/p>\n\n\n\n<p class=\"has-pale-cyan-blue-background-color has-background has-normal-font-size\"><strong>likovni radovi<\/strong> &#8211; minimalno 20 radova od kojih najmanje 10 koji su nastali izvan \u0161kolskog programa, a mogu biti: crte\u017e iz imaginacije, crte\u017e po promatranju, kroki, strip, ilustracija, slika, kola\u017e, frottage, rad u tekstilu ili drugim materijalima, artist book, objekt, sketchbook i dr.<\/p>\n\n\n\n<p class=\"has-pale-cyan-blue-background-color has-background has-normal-font-size\"><strong>medijski radovi<\/strong> \u2013 minimalno 5 radova koji mogu biti u mediju: video, zvuk, film, dokumentacija performansa, instalacije, intervencije u prostoru i sl., animacija, online rad, serija fotografija, glazba, itd., opcionalno: tekst, kratka pri\u010da, poezija.<\/p>\n\n\n\n<p class=\"has-pale-cyan-blue-background-color has-background has-normal-font-size\"><strong>opcionalno<\/strong>: tekstovi, sinopsis, scenarij, kratka pri\u010da, poezija &#8230;<\/p>\n\n\n\n<div style=\"height:20px\" aria-hidden=\"true\" class=\"wp-block-spacer\"><\/div>\n\n\n\n<p class=\"has-pale-cyan-blue-background-color has-background has-normal-font-size\">Svrha mape je \u0161to bolje pokazati svoje vje\u0161tine, interese, ideje i ambicije. Mapa je eliminatorski dio prijemnog, pa je va\u017eno \u0161to bolje osmisliti i prezentirati ju. Uz mapu se prila\u017ee i pismo motivacije u kojem prisutpnik\/ica razla\u017ee svoje \u017eelje za upisom na OZAFIN, svoja o\u010dekivanja od studija i za\u0161to misli da taj odsjek odgovara njihovim umjetni\u010dkim potrebama. Pristupnici navode s \u010dim su upoznati iz podru\u010dja animiranog filma, novih medija i suvremene umjetnosti, \u0161to ih je i za\u0161to inspiriralo, itd. Nakon objave liste pristupnika\/ica koji su pro\u0161li mapu, isti pristupaju drugom, prakti\u010dnom dijelu ispita.<\/p>\n\n\n\n<div style=\"height:29px\" aria-hidden=\"true\" class=\"wp-block-spacer\"><\/div>\n\n\n\n<p class=\"has-vivid-cyan-blue-color has-text-color has-medium-font-size\"><strong>DRUGI DIO ISPITA<\/strong><\/p>\n\n\n\n<p><\/p>\n\n\n\n<p class=\"has-pale-cyan-blue-background-color has-background has-normal-font-size\"><strong>Test iz op\u0107e i likovne kulture.<\/strong><\/p>\n\n\n\n<p class=\"has-pale-cyan-blue-background-color has-background has-normal-font-size\"><strong>Slobodna forma na zadane teme &nbsp;<\/strong>(crte\u017e, kola\u017e, fotografija, performans, video, itd. po izboru pristupnika-ce)&nbsp;izvodi se&nbsp; priborom i-ili opremom koju kanidat-kinja donosi sa sobom. Teme odre\u0111uje povjerenstvo neposredno prije samog ispita.&nbsp; Kandidat-kinja ima 3 sata za realizaciju zadatka.<\/p>\n\n\n\n<p class=\"has-pale-cyan-blue-background-color has-background has-normal-font-size\"><strong>Autobiografski rad <\/strong>(likovni ili medijski rad)- mo\u017ee biti izveden u bilo kojem mediju od crte\u017ea, instalacije, video rada, itd., a izvodi se priborom i-ili opremom koju <a>kanidat-kinja <\/a>donosi sa sobom.&nbsp; <\/p>\n\n\n\n<p class=\"has-pale-cyan-blue-background-color has-background has-normal-font-size\"><strong>Interpretacija <\/strong>(grupni rad na zadanu temu u bilo kojem mediju)&nbsp;mo\u017ee biti izveden u bilo kojem mediju. Ukoliko je medij performativan ili izveden u javnom prostoru, mora biti dokumentiran videom, fotografijom ili zvu\u010dnim zapisom koji se predaje povjerenstvu kao digitalni file. Temu odre\u0111uje povjerenstvo neposredno prije samog ispita.<\/p>\n\n\n\n<p class=\"has-pale-cyan-blue-background-color has-background has-normal-font-size\"><strong>esej na temu<\/strong>&nbsp;&#8211; pitanja o suvremenoj hrvatskoj i svjetskoj umjetnosti (video, fotografija performance, instalacije, film, ili animirani film\/ za ovaj zadatak bitno je da posjetite neke od dolje navedenih institucija)<\/p>\n\n\n\n<p class=\"has-pale-cyan-blue-background-color has-background has-normal-font-size\"><strong>prezentacija mape<\/strong>&nbsp;\/ Sastavni dio prijemnog ispita je razgovor s kanditatima u kojemu kandidati_tkinje prezentiraju radove iz svoje mape, obrazla\u017eu svoje postupke, procese, motivacije i inspiracije. <\/p>\n\n\n\n<div style=\"height:31px\" aria-hidden=\"true\" class=\"wp-block-spacer\"><\/div>\n\n\n\n<p class=\"has-pale-cyan-blue-background-color has-background has-normal-font-size\">Pristupnici_e su du\u017eni_e sa sobom donijeti osobnu iskaznicu, crta\u010du dasku, papir i pribor za crtanje (ugljen, olovka, pero, tu\u0161, materijali za kola\u017e, i sli\u010dno). Neke od zadataka mogu\u0107e &nbsp;je realizirati i na vlastitom laptopu, tabletu, mobitelu.<\/p>\n\n\n\n<div style=\"height:22px\" aria-hidden=\"true\" class=\"wp-block-spacer\"><\/div>\n\n\n\n<p class=\"has-vivid-cyan-blue-color has-text-color has-medium-font-size\"><strong>KOME TREBAJU NOVI MEDIJI?<\/strong><\/p>\n\n\n\n<p class=\"has-pale-cyan-blue-background-color has-background has-normal-font-size\">Tra\u017eimo znati\u017eeljne, kreativne, misaone i otvorene kandidate i kandidatkinje. Na\u0161 je studij posebno zanimljiv kandidatima-kandidatkinjama koji se izra\u017eavaju ili bave raznim aktivnostima &#8211; glazba (klasi\u010dna, elektronika, indie), pisanje, strip, ples, dramske grupe, foto grupe, razne radionice, novinarstvo, blogiranje, repanje, volontiranje, aktivizam. <\/p>\n\n\n\n<p class=\"has-pale-cyan-blue-background-color has-background has-normal-font-size\">Bitno nam je da ste spremni_e sami_e sebe motivirati, razvijati, pro\u0161iriti granice svojeg razmi\u0161ljanja, \u010desto nam je bitnije prepoznati va\u0161 potencijal nego va\u0161e trenutne vje\u0161tine. Gimnazijalci_ke su jednako dobrodo\u0161li_e kao i kandidati_tkinje iz stru\u010dnih &#8211; umjetni\u010dkih \u0161kola. <\/p>\n\n\n\n<p class=\"has-pale-cyan-blue-background-color has-background has-normal-font-size\">Za sve kandidate_tkinje je bitno da poka\u017eu stvaran interes za nove medije, da redovito gledaju filmove, posje\u0107uju izlo\u017ebe, idu na koncerte, predstave, prate zbivanja u svom gradu, \u010ditaju.<\/p>\n\n\n\n<p class=\"has-pale-cyan-blue-background-color has-background has-normal-font-size\">Neke od preporu\u010denih galerija, muzeja, manifestacija su: MSU, MMSU, galerija Nova, galerija VN, galerija Miroslav Kraljevi\u0107, galerija Prozori, Zagreba\u010dki plesni centar, Svjetski festival animiranog filma, Kino Tu\u0161kanac, Improspekcije, Zagreb Dox, Vox feminae, Tjedan suvremenog plesa, Sound art inkubator,&nbsp; ZEZ festival, Sine Linea, ZKM, MaMa, Institut za suvremenu umjetnost, Pogon centar za nezavisnu kulturu i mlade (ono kod Mo\u010dvare), Mo\u010dvara (ono kod Pogona),&nbsp; Muzej uli\u010dne umjetnosti, programi u Booksi, Festival novog cirkusa, Dani hrvatskog filma, Muzi\u010dki biennale, Perforacije, Festival nevidljivog filma, Human Rights Film Festival, Subversive film festival&#8230;<\/p>\n\n\n\n<div style=\"height:34px\" aria-hidden=\"true\" class=\"wp-block-spacer\"><\/div>\n\n\n\n<p class=\"has-pale-cyan-blue-background-color has-background has-normal-font-size\"><strong>Svi_e zainteresirani _e kandidati_tkinje za jesenski rok mogu se u ljetnim mjesecima savjetovati i informirati mailom na novimediji.ALU@gmail.com<\/strong><\/p>\n\n\n\n<div style=\"height:38px\" aria-hidden=\"true\" class=\"wp-block-spacer\"><\/div>\n\n\n\n<div style=\"height:100px\" aria-hidden=\"true\" class=\"wp-block-spacer\"><\/div>\n\n\n\n<hr class=\"wp-block-separator has-css-opacity\"\/>\n\n\n\n<div style=\"height:20px\" aria-hidden=\"true\" class=\"wp-block-spacer\"><\/div>\n\n\n\n<div style=\"height:36px\" aria-hidden=\"true\" class=\"wp-block-spacer\"><\/div>\n\n\n\n<div style=\"height:26px\" aria-hidden=\"true\" class=\"wp-block-spacer\"><\/div>\n\n\n\n<p class=\"has-medium-font-size\"><\/p>\n\n\n\n<div style=\"height:30px\" aria-hidden=\"true\" class=\"wp-block-spacer\"><\/div>\n\n\n\n<div style=\"height:20px\" aria-hidden=\"true\" class=\"wp-block-spacer\"><\/div>\n\n\n\n<div style=\"height:24px\" aria-hidden=\"true\" class=\"wp-block-spacer\"><\/div>\n\n\n\n<div style=\"height:28px\" aria-hidden=\"true\" class=\"wp-block-spacer\"><\/div>\n\n\n\n<ul class=\"wp-block-list\">\n<li><\/li>\n<\/ul>\n\n\n\n<div style=\"height:33px\" aria-hidden=\"true\" class=\"wp-block-spacer\"><\/div>\n\n\n\n<div style=\"height:28px\" aria-hidden=\"true\" class=\"wp-block-spacer\"><\/div>\n\n\n\n<p><\/p>\n\n\n\n<div style=\"height:100px\" aria-hidden=\"true\" class=\"wp-block-spacer\"><\/div>\n","protected":false},"excerpt":{"rendered":"<p>PRIJEMNI PRIJEDIPLOMSKI STUDIJ PRIJEMNI DIPLOMSKI STUDIJ PRIJEMNI DIPLOMSKI STUDIJ 2025\/26: Svi_e zainteresirane_i kandidati_tkinje za prijemni ispit za diplomski studij Novi mediji mogu se konzultirati online i u\u017eivo. Molimo vas da se obratite na mail alu.ozafin@gmail.com . SMJER NOVI MEDIJI Prijave za pristup razredbenom postupku primat \u0107e se u studentskoj referadi Akademije likovnih umjetnosti Sveu\u010dili\u0161ta u &hellip; <a href=\"https:\/\/blog.alu.hr\/?page_id=266\" class=\"more-link\">Continue reading<span class=\"screen-reader-text\"> &#8220;prijemni&#8221;<\/span><\/a><\/p>\n","protected":false},"author":2,"featured_media":0,"parent":0,"menu_order":2,"comment_status":"closed","ping_status":"closed","template":"","meta":{"footnotes":""},"class_list":["post-266","page","type-page","status-publish","hentry"],"_links":{"self":[{"href":"https:\/\/blog.alu.hr\/index.php?rest_route=\/wp\/v2\/pages\/266","targetHints":{"allow":["GET"]}}],"collection":[{"href":"https:\/\/blog.alu.hr\/index.php?rest_route=\/wp\/v2\/pages"}],"about":[{"href":"https:\/\/blog.alu.hr\/index.php?rest_route=\/wp\/v2\/types\/page"}],"author":[{"embeddable":true,"href":"https:\/\/blog.alu.hr\/index.php?rest_route=\/wp\/v2\/users\/2"}],"replies":[{"embeddable":true,"href":"https:\/\/blog.alu.hr\/index.php?rest_route=%2Fwp%2Fv2%2Fcomments&post=266"}],"version-history":[{"count":412,"href":"https:\/\/blog.alu.hr\/index.php?rest_route=\/wp\/v2\/pages\/266\/revisions"}],"predecessor-version":[{"id":5217,"href":"https:\/\/blog.alu.hr\/index.php?rest_route=\/wp\/v2\/pages\/266\/revisions\/5217"}],"wp:attachment":[{"href":"https:\/\/blog.alu.hr\/index.php?rest_route=%2Fwp%2Fv2%2Fmedia&parent=266"}],"curies":[{"name":"wp","href":"https:\/\/api.w.org\/{rel}","templated":true}]}}