{"id":2284,"date":"2016-04-05T17:09:34","date_gmt":"2016-04-05T15:09:34","guid":{"rendered":"http:\/\/blog.alu.hr\/?page_id=2284"},"modified":"2024-05-10T14:22:14","modified_gmt":"2024-05-10T12:22:14","slug":"2015-2","status":"publish","type":"page","link":"https:\/\/blog.alu.hr\/?page_id=2284","title":{"rendered":"2014"},"content":{"rendered":"\n<div style=\"height:100px\" aria-hidden=\"true\" class=\"wp-block-spacer\"><\/div>\n\n\n\n<p class=\"has-medium-font-size\"><\/p>\n\n\n\n<p class=\"has-medium-font-size\"><strong>Ana Vuzdari\u0107<\/strong><\/p>\n\n\n<p><\/p>\n<p><a href=\"https:\/\/blog.alu.hr\/wp-content\/uploads\/2016\/04\/anaV.jpg\"><img loading=\"lazy\" decoding=\"async\" class=\"alignnone  wp-image-2285\" src=\"https:\/\/blog.alu.hr\/wp-content\/uploads\/2016\/04\/anaV-300x300.jpg\" alt=\"anaV\" width=\"500\" height=\"500\" srcset=\"https:\/\/blog.alu.hr\/wp-content\/uploads\/2016\/04\/anaV-300x300.jpg 300w, https:\/\/blog.alu.hr\/wp-content\/uploads\/2016\/04\/anaV-150x150.jpg 150w, https:\/\/blog.alu.hr\/wp-content\/uploads\/2016\/04\/anaV-1024x1024.jpg 1024w, https:\/\/blog.alu.hr\/wp-content\/uploads\/2016\/04\/anaV.jpg 1701w\" sizes=\"auto, (max-width: 500px) 85vw, 500px\" \/><\/a><\/p>\n<p><\/p>\n<p><a href=\"https:\/\/blog.alu.hr\/wp-content\/uploads\/2016\/04\/diplomski-rad-vodikova-tranzicija.pdf\">diplomski-rad-vodikova-tranzicija<\/a><\/p>\n<p><\/p>\n\n\n<div style=\"height:62px\" aria-hidden=\"true\" class=\"wp-block-spacer\"><\/div>\n\n\n\n<p class=\"has-medium-font-size\"><strong>Ivana Pipal<\/strong><\/p>\n\n\n\n<figure class=\"wp-block-image size-large\"><a href=\"https:\/\/blog.alu.hr\/wp-content\/uploads\/2023\/11\/1_-scaled.jpg\"><img loading=\"lazy\" decoding=\"async\" width=\"1024\" height=\"512\" src=\"https:\/\/blog.alu.hr\/wp-content\/uploads\/2023\/11\/1_-1024x512.jpg\" alt=\"\" class=\"wp-image-4377\" srcset=\"https:\/\/blog.alu.hr\/wp-content\/uploads\/2023\/11\/1_-1024x512.jpg 1024w, https:\/\/blog.alu.hr\/wp-content\/uploads\/2023\/11\/1_-300x150.jpg 300w, https:\/\/blog.alu.hr\/wp-content\/uploads\/2023\/11\/1_-768x384.jpg 768w, https:\/\/blog.alu.hr\/wp-content\/uploads\/2023\/11\/1_-1536x768.jpg 1536w, https:\/\/blog.alu.hr\/wp-content\/uploads\/2023\/11\/1_-2048x1024.jpg 2048w\" sizes=\"auto, (max-width: 709px) 85vw, (max-width: 909px) 67vw, (max-width: 1362px) 62vw, 840px\" \/><\/a><\/figure>\n\n\n\n\n\n<div style=\"height:100px\" aria-hidden=\"true\" class=\"wp-block-spacer\"><\/div>\n\n\n\n<p class=\"has-medium-font-size\"><strong>Tamara Bilankov<\/strong><\/p>\n\n\n\n<figure class=\"wp-block-image size-full\"><a href=\"https:\/\/blog.alu.hr\/wp-content\/uploads\/2023\/11\/05.jpg\"><img loading=\"lazy\" decoding=\"async\" width=\"949\" height=\"622\" src=\"https:\/\/blog.alu.hr\/wp-content\/uploads\/2023\/11\/05.jpg\" alt=\"\" class=\"wp-image-4427\" srcset=\"https:\/\/blog.alu.hr\/wp-content\/uploads\/2023\/11\/05.jpg 949w, https:\/\/blog.alu.hr\/wp-content\/uploads\/2023\/11\/05-300x197.jpg 300w, https:\/\/blog.alu.hr\/wp-content\/uploads\/2023\/11\/05-768x503.jpg 768w\" sizes=\"auto, (max-width: 709px) 85vw, (max-width: 909px) 67vw, (max-width: 1362px) 62vw, 840px\" \/><\/a><\/figure>\n\n\n\n<div class=\"wp-block-file\"><a id=\"wp-block-file--media-d66535ce-802b-4a82-a626-4111d4a116c5\" href=\"https:\/\/blog.alu.hr\/wp-content\/uploads\/2023\/10\/Diplomski.-Tekstovi.pdf\" target=\"_blank\" rel=\"noreferrer noopener\">Sto meni video znaci i predstavlja?<\/a><a href=\"https:\/\/blog.alu.hr\/wp-content\/uploads\/2023\/10\/Diplomski.-Tekstovi.pdf\" class=\"wp-block-file__button wp-element-button\" download aria-describedby=\"wp-block-file--media-d66535ce-802b-4a82-a626-4111d4a116c5\">Download<\/a><\/div>\n\n\n\n<div style=\"height:58px\" aria-hidden=\"true\" class=\"wp-block-spacer\"><\/div>\n\n\n\n<p class=\"has-medium-font-size\"><\/p>\n\n\n\n<div style=\"height:56px\" aria-hidden=\"true\" class=\"wp-block-spacer\"><\/div>\n\n\n\n<p class=\"has-medium-font-size\"><strong>Leila Kasumovi\u0107<\/strong><\/p>\n\n\n\n<figure class=\"wp-block-image size-large\"><a href=\"https:\/\/blog.alu.hr\/wp-content\/uploads\/2024\/05\/DSC_0532-scaled.jpg\"><img loading=\"lazy\" decoding=\"async\" width=\"1024\" height=\"683\" src=\"https:\/\/blog.alu.hr\/wp-content\/uploads\/2024\/05\/DSC_0532-1024x683.jpg\" alt=\"\" class=\"wp-image-4700\" srcset=\"https:\/\/blog.alu.hr\/wp-content\/uploads\/2024\/05\/DSC_0532-1024x683.jpg 1024w, https:\/\/blog.alu.hr\/wp-content\/uploads\/2024\/05\/DSC_0532-300x200.jpg 300w, https:\/\/blog.alu.hr\/wp-content\/uploads\/2024\/05\/DSC_0532-768x512.jpg 768w, https:\/\/blog.alu.hr\/wp-content\/uploads\/2024\/05\/DSC_0532-1536x1024.jpg 1536w, https:\/\/blog.alu.hr\/wp-content\/uploads\/2024\/05\/DSC_0532-2048x1365.jpg 2048w\" sizes=\"auto, (max-width: 709px) 85vw, (max-width: 909px) 67vw, (max-width: 1362px) 62vw, 840px\" \/><\/a><\/figure>\n\n\n\n<div class=\"wp-block-file\"><a id=\"wp-block-file--media-a73d9f67-ca4b-423a-a9f4-f9b3d40c7f3d\" href=\"https:\/\/blog.alu.hr\/wp-content\/uploads\/2024\/05\/mikrobiolog-amater.pdf\">mikrobiolog-amater<\/a><a href=\"https:\/\/blog.alu.hr\/wp-content\/uploads\/2024\/05\/mikrobiolog-amater.pdf\" class=\"wp-block-file__button wp-element-button\" download aria-describedby=\"wp-block-file--media-a73d9f67-ca4b-423a-a9f4-f9b3d40c7f3d\">Download<\/a><\/div>\n\n\n\n<p><\/p>\n\n\n\n<p class=\"has-medium-font-size\"><strong>Matija Djanje\u0161i\u0107<\/strong><\/p>\n\n\n\n<figure class=\"wp-block-image size-large is-resized\"><a href=\"https:\/\/blog.alu.hr\/wp-content\/uploads\/2024\/05\/008-scaled.jpg\"><img loading=\"lazy\" decoding=\"async\" src=\"https:\/\/blog.alu.hr\/wp-content\/uploads\/2024\/05\/008-1024x683.jpg\" alt=\"\" class=\"wp-image-4698\" width=\"594\" height=\"396\" srcset=\"https:\/\/blog.alu.hr\/wp-content\/uploads\/2024\/05\/008-1024x683.jpg 1024w, https:\/\/blog.alu.hr\/wp-content\/uploads\/2024\/05\/008-300x200.jpg 300w, https:\/\/blog.alu.hr\/wp-content\/uploads\/2024\/05\/008-768x512.jpg 768w, https:\/\/blog.alu.hr\/wp-content\/uploads\/2024\/05\/008-1536x1024.jpg 1536w, https:\/\/blog.alu.hr\/wp-content\/uploads\/2024\/05\/008-2048x1365.jpg 2048w\" sizes=\"auto, (max-width: 594px) 85vw, 594px\" \/><\/a><\/figure>\n\n\n\n<div class=\"wp-block-file\"><a id=\"wp-block-file--media-3d2a546c-457f-4337-b9c8-b72b998f3dd3\" href=\"https:\/\/blog.alu.hr\/wp-content\/uploads\/2024\/05\/dodirneplohesvakodnevnicekrozprostore_ispravljen.pdf\">dodirne plohe svakodnevnice kroz prostore_diplomski<\/a><a href=\"https:\/\/blog.alu.hr\/wp-content\/uploads\/2024\/05\/dodirneplohesvakodnevnicekrozprostore_ispravljen.pdf\" class=\"wp-block-file__button wp-element-button\" download aria-describedby=\"wp-block-file--media-3d2a546c-457f-4337-b9c8-b72b998f3dd3\">Download<\/a><\/div>\n\n\n\n<div style=\"height:100px\" aria-hidden=\"true\" class=\"wp-block-spacer\"><\/div>\n\n\n\n<p class=\"has-medium-font-size\"><strong>Marko Topi\u0107<\/strong><\/p>\n\n\n\n<p class=\"has-medium-font-size\"><strong>Ljerka Kujund\u017ei\u0107<\/strong><\/p>\n","protected":false},"excerpt":{"rendered":"<p>Ana Vuzdari\u0107 diplomski-rad-vodikova-tranzicija Ivana Pipal Tamara Bilankov Leila Kasumovi\u0107 Matija Djanje\u0161i\u0107 Marko Topi\u0107 Ljerka Kujund\u017ei\u0107<\/p>\n","protected":false},"author":2,"featured_media":0,"parent":526,"menu_order":10,"comment_status":"open","ping_status":"closed","template":"","meta":{"footnotes":""},"class_list":["post-2284","page","type-page","status-publish","hentry"],"_links":{"self":[{"href":"https:\/\/blog.alu.hr\/index.php?rest_route=\/wp\/v2\/pages\/2284","targetHints":{"allow":["GET"]}}],"collection":[{"href":"https:\/\/blog.alu.hr\/index.php?rest_route=\/wp\/v2\/pages"}],"about":[{"href":"https:\/\/blog.alu.hr\/index.php?rest_route=\/wp\/v2\/types\/page"}],"author":[{"embeddable":true,"href":"https:\/\/blog.alu.hr\/index.php?rest_route=\/wp\/v2\/users\/2"}],"replies":[{"embeddable":true,"href":"https:\/\/blog.alu.hr\/index.php?rest_route=%2Fwp%2Fv2%2Fcomments&post=2284"}],"version-history":[{"count":29,"href":"https:\/\/blog.alu.hr\/index.php?rest_route=\/wp\/v2\/pages\/2284\/revisions"}],"predecessor-version":[{"id":4703,"href":"https:\/\/blog.alu.hr\/index.php?rest_route=\/wp\/v2\/pages\/2284\/revisions\/4703"}],"up":[{"embeddable":true,"href":"https:\/\/blog.alu.hr\/index.php?rest_route=\/wp\/v2\/pages\/526"}],"wp:attachment":[{"href":"https:\/\/blog.alu.hr\/index.php?rest_route=%2Fwp%2Fv2%2Fmedia&parent=2284"}],"curies":[{"name":"wp","href":"https:\/\/api.w.org\/{rel}","templated":true}]}}