{"id":2064,"date":"2014-04-02T15:07:37","date_gmt":"2014-04-02T13:07:37","guid":{"rendered":"http:\/\/blog.alu.hr\/?page_id=2064"},"modified":"2024-12-01T21:50:16","modified_gmt":"2024-12-01T19:50:16","slug":"in-memoriam-ivan-ladislav-galeta","status":"publish","type":"page","link":"https:\/\/blog.alu.hr\/?page_id=2064","title":{"rendered":"In memoriam Ivan Ladislav Galeta"},"content":{"rendered":"<p>&nbsp;<\/p>\n<p><strong>\u00a0In memoriam Ivan Ladislav Galeta<\/strong><\/p>\n<p>U Zagrebu je u 67. godini \u017eivota nakon kratke i te\u0161ke bolesti preminuo Ivan Ladislav Galeta.<\/p>\n<p>Ivan Ladislav Galeta utemeljio je smjer Novih medija na na\u0161em odsjeku i u svom dugogodi\u0161njem radu pasionirao generacije i generacije studenata.<\/p>\n<p>Ivan Ladislav Galeta bio je jedan od rijetkih umjetnika-pedagoga koji je studentima otvarao i du\u0161u i srca i viziju. Na njegovim\u00a0 predavanjima, na koja su dolazili studenti ne samo s na\u0161eg odsjeka, nego sa cijele Akademije, a i drugih fakulteta, studentima se mijenjao svijet.<\/p>\n<p>Galeta je zavodio bjesomu\u010dno, beskompromisno, beskrajno. Sam zaljubljen u film unutar i izvan kadra, generacije studenata zaljubile su se sa njim, uz njega i u njega.<\/p>\n<p>Odjeci te ljubavi zauvijek \u0107e titrati u zidovima na\u0161ih predavaona, u radovima na\u0161ih studenata, na diplomskim ispitima, na sastancima odsjeka, u novim studijskim programima, na projekcijama Hollis Framptona, u sporazumima, u nesporazumima, na prvim samostalnim izlo\u017ebama, na zadnjim samostalnim izlo\u017ebama.<\/p>\n<p>&nbsp;<\/p>\n","protected":false},"excerpt":{"rendered":"<p>&nbsp; \u00a0In memoriam Ivan Ladislav Galeta U Zagrebu je u 67. godini \u017eivota nakon kratke i te\u0161ke bolesti preminuo Ivan Ladislav Galeta. Ivan Ladislav Galeta utemeljio je smjer Novih medija na na\u0161em odsjeku i u svom dugogodi\u0161njem radu pasionirao generacije i generacije studenata. Ivan Ladislav Galeta bio je jedan od rijetkih umjetnika-pedagoga koji je studentima &hellip; <a href=\"https:\/\/blog.alu.hr\/?page_id=2064\" class=\"more-link\">Continue reading<span class=\"screen-reader-text\"> &#8220;In memoriam Ivan Ladislav Galeta&#8221;<\/span><\/a><\/p>\n","protected":false},"author":2,"featured_media":0,"parent":0,"menu_order":11,"comment_status":"open","ping_status":"open","template":"","meta":{"footnotes":""},"class_list":["post-2064","page","type-page","status-publish","hentry"],"_links":{"self":[{"href":"https:\/\/blog.alu.hr\/index.php?rest_route=\/wp\/v2\/pages\/2064","targetHints":{"allow":["GET"]}}],"collection":[{"href":"https:\/\/blog.alu.hr\/index.php?rest_route=\/wp\/v2\/pages"}],"about":[{"href":"https:\/\/blog.alu.hr\/index.php?rest_route=\/wp\/v2\/types\/page"}],"author":[{"embeddable":true,"href":"https:\/\/blog.alu.hr\/index.php?rest_route=\/wp\/v2\/users\/2"}],"replies":[{"embeddable":true,"href":"https:\/\/blog.alu.hr\/index.php?rest_route=%2Fwp%2Fv2%2Fcomments&post=2064"}],"version-history":[{"count":1,"href":"https:\/\/blog.alu.hr\/index.php?rest_route=\/wp\/v2\/pages\/2064\/revisions"}],"predecessor-version":[{"id":4867,"href":"https:\/\/blog.alu.hr\/index.php?rest_route=\/wp\/v2\/pages\/2064\/revisions\/4867"}],"wp:attachment":[{"href":"https:\/\/blog.alu.hr\/index.php?rest_route=%2Fwp%2Fv2%2Fmedia&parent=2064"}],"curies":[{"name":"wp","href":"https:\/\/api.w.org\/{rel}","templated":true}]}}