{"id":1885,"date":"2013-09-28T02:55:01","date_gmt":"2013-09-28T00:55:01","guid":{"rendered":"http:\/\/blog.alu.hr\/?page_id=1885"},"modified":"2017-01-09T16:38:24","modified_gmt":"2017-01-09T14:38:24","slug":"2010-2","status":"publish","type":"page","link":"https:\/\/blog.alu.hr\/?page_id=1885","title":{"rendered":"2010"},"content":{"rendered":"<p><a href=\"https:\/\/alumet2014.wordpress.com\/alumet-2010-2\/\">Izgubljena fox<\/a><\/p>\n<p><a href=\"https:\/\/alumet2014.wordpress.com\/alumet-2010-2\/\"><img loading=\"lazy\" decoding=\"async\" class=\"alignnone size-medium wp-image-2572\" alt=\"1556_cover\" src=\"https:\/\/blog.alu.hr\/wp-content\/uploads\/2013\/09\/1556_cover-300x213.jpg\" width=\"300\" height=\"213\" srcset=\"https:\/\/blog.alu.hr\/wp-content\/uploads\/2013\/09\/1556_cover-300x213.jpg 300w, https:\/\/blog.alu.hr\/wp-content\/uploads\/2013\/09\/1556_cover.jpg 400w\" sizes=\"auto, (max-width: 300px) 85vw, 300px\" \/><\/a><\/p>\n<p>&nbsp;<\/p>\n<p><a href=\"http:\/\/zagreb-london-exchange.blogspot.hr\/\">studentski blog<\/a><\/p>\n<p><em>Sudionici<\/em>:<br \/>\nNikolina Butorac<\/p>\n<p>Marija Golub<\/p>\n<p>Phil Howe<\/p>\n<p>Jari Kennedy<\/p>\n<p>Tihana Mandu\u0161i\u0107<\/p>\n<p>Henry Mulhall<\/p>\n<p>Luka Smeti\u0161ko<\/p>\n<p>Eva Vikstrom<\/p>\n<p>Eva Wilkinson<\/p>\n<p>Josip Horvat<\/p>\n<p><em>Mentori i koordinatori projekta<\/em>:<br \/>\nBen Cain i Nicole Hewitt<\/p>\n<p>Izlo\u017eba &#8216;Izgubljena fox&#8217; organizirana je u okviru projekta razmjene studenata Odsjeka za animirani film i nove medije i studenata s Metropolitan University London koji se odr\u017eava ve\u0107 5 godina za redom.<br \/>\nProjekt zapo\u010dinje nizom sastanaka, \u010ditaonica i radionica u kojima studenti zajedno promi\u0161ljaju mogu\u0107nosti i ciljeve projekta. Iako se osnovna tema mijenja iz godine u godinu, \u010desto se same name\u0107u teme vezane uz pojam stranog, egzoti\u010dnog, turizma, izmje\u0161tanja\/ dislokacije i otu\u0111ivanja.<\/p>\n<p>&nbsp;<\/p>\n<p>Projekt se odvija u dvije glavne faze \u2013 pet studenata iz Zagreba odlazi u London, te pet londonskih studenata dolazi u Zagreb. Tijekom boravka u oba grada, studenti sudjeluju u grupnim seminarima i prezentacijama, obilaze izlo\u017ebe, muzeje, predavanja, barove, pubove itd. Svaka faza projekta zavr\u0161ava izlo\u017ebom. Nastali radovi \u010desto su realizirani kao reakcija na situaciju \/ na grad i prostor Galerije Miroslav Kraljevi\u0107. Priroda projekta nala\u017ee odre\u0111enu fluidnost i spontanost u pristupu, a samo iskustvo zahtjeva kontinuirano preispitivanje stavova i predod\u017ebi studenata. Naglasak nije na dovr\u0161enosti radova, ve\u0107 \u010desto na formiranju po\u010detnih stadija rada koji \u0107e se ostvariti u nekom kasnijem periodu. Studentska razmjena i izlo\u017eba \u2018Izgubljena fox\u2019 nastavak je suradnje zapo\u010dete 2005. godine s namjerom stvaranja dugoro\u010dne razmjene izme\u0111u ovih dviju umjetni\u010dkih \u0161kola.<\/p>\n<p>&nbsp;<\/p>\n<p>. . . . . . . . . . . . . . . . . . . . . . .<\/p>\n<p>&#8211; &#8211; &#8211; &#8211; &#8211; &#8211; &#8211; &#8211; &#8211; &#8211; &#8211; &#8211; &#8211; &#8211; &#8211; &#8211; &#8211; &#8211; &#8211; &#8211; &#8211; &#8211; &#8211;<br \/>\nProjekt su podr\u017eali: London Metropolitan University i<br \/>\nALU Zagreb, Grad Zagreb, Ministarstvo kulture RH i Studentski zbor.<\/p>\n","protected":false},"excerpt":{"rendered":"<p>Izgubljena fox &nbsp; studentski blog Sudionici: Nikolina Butorac Marija Golub Phil Howe Jari Kennedy Tihana Mandu\u0161i\u0107 Henry Mulhall Luka Smeti\u0161ko Eva Vikstrom Eva Wilkinson Josip Horvat Mentori i koordinatori projekta: Ben Cain i Nicole Hewitt Izlo\u017eba &#8216;Izgubljena fox&#8217; organizirana je u okviru projekta razmjene studenata Odsjeka za animirani film i nove medije i studenata s &hellip; <a href=\"https:\/\/blog.alu.hr\/?page_id=1885\" class=\"more-link\">Continue reading<span class=\"screen-reader-text\"> &#8220;2010&#8221;<\/span><\/a><\/p>\n","protected":false},"author":2,"featured_media":0,"parent":117,"menu_order":7,"comment_status":"open","ping_status":"open","template":"","meta":{"footnotes":""},"class_list":["post-1885","page","type-page","status-publish","hentry"],"_links":{"self":[{"href":"https:\/\/blog.alu.hr\/index.php?rest_route=\/wp\/v2\/pages\/1885","targetHints":{"allow":["GET"]}}],"collection":[{"href":"https:\/\/blog.alu.hr\/index.php?rest_route=\/wp\/v2\/pages"}],"about":[{"href":"https:\/\/blog.alu.hr\/index.php?rest_route=\/wp\/v2\/types\/page"}],"author":[{"embeddable":true,"href":"https:\/\/blog.alu.hr\/index.php?rest_route=\/wp\/v2\/users\/2"}],"replies":[{"embeddable":true,"href":"https:\/\/blog.alu.hr\/index.php?rest_route=%2Fwp%2Fv2%2Fcomments&post=1885"}],"version-history":[{"count":5,"href":"https:\/\/blog.alu.hr\/index.php?rest_route=\/wp\/v2\/pages\/1885\/revisions"}],"predecessor-version":[{"id":2571,"href":"https:\/\/blog.alu.hr\/index.php?rest_route=\/wp\/v2\/pages\/1885\/revisions\/2571"}],"up":[{"embeddable":true,"href":"https:\/\/blog.alu.hr\/index.php?rest_route=\/wp\/v2\/pages\/117"}],"wp:attachment":[{"href":"https:\/\/blog.alu.hr\/index.php?rest_route=%2Fwp%2Fv2%2Fmedia&parent=1885"}],"curies":[{"name":"wp","href":"https:\/\/api.w.org\/{rel}","templated":true}]}}