{"id":1881,"date":"2013-09-28T02:54:22","date_gmt":"2013-09-28T00:54:22","guid":{"rendered":"http:\/\/blog.alu.hr\/?page_id=1881"},"modified":"2016-06-05T19:51:37","modified_gmt":"2016-06-05T17:51:37","slug":"2011-2","status":"publish","type":"page","link":"https:\/\/blog.alu.hr\/?page_id=1881","title":{"rendered":"2011"},"content":{"rendered":"<p>&nbsp;<\/p>\n<p><img alt=\"\" \/>Sudionici \/ Participants:<br \/>\nVanja Babi\u0107, Matija Djanje\u0161i\u0107, Nadean Downey, Mike Graham, Ana Kova\u010di\u0107, Iva Habus,<br \/>\nIvana Pipal, Elizabeth Mills, Mouez Hamdi, Sara Rodrigues, Fred Vernon, Ana Vuzdari\u0107<\/p>\n<p><a href=\"https:\/\/blog.alu.hr\/wp-content\/uploads\/2013\/09\/DSC06446.jpg\"><img loading=\"lazy\" decoding=\"async\" class=\"alignnone size-medium wp-image-2165\" alt=\"DSC06446\" src=\"https:\/\/blog.alu.hr\/wp-content\/uploads\/2013\/09\/DSC06446-300x225.jpg\" width=\"300\" height=\"225\" srcset=\"https:\/\/blog.alu.hr\/wp-content\/uploads\/2013\/09\/DSC06446-300x225.jpg 300w, https:\/\/blog.alu.hr\/wp-content\/uploads\/2013\/09\/DSC06446-1024x768.jpg 1024w, https:\/\/blog.alu.hr\/wp-content\/uploads\/2013\/09\/DSC06446.jpg 1717w\" sizes=\"auto, (max-width: 300px) 85vw, 300px\" \/><\/a> <a href=\"https:\/\/blog.alu.hr\/wp-content\/uploads\/2013\/09\/DSC_0474.jpg\"><img loading=\"lazy\" decoding=\"async\" class=\"alignnone size-medium wp-image-2166\" alt=\"DSC_0474\" src=\"https:\/\/blog.alu.hr\/wp-content\/uploads\/2013\/09\/DSC_0474-300x199.jpg\" width=\"300\" height=\"199\" srcset=\"https:\/\/blog.alu.hr\/wp-content\/uploads\/2013\/09\/DSC_0474-300x199.jpg 300w, https:\/\/blog.alu.hr\/wp-content\/uploads\/2013\/09\/DSC_0474-1024x680.jpg 1024w, https:\/\/blog.alu.hr\/wp-content\/uploads\/2013\/09\/DSC_0474.jpg 1939w\" sizes=\"auto, (max-width: 300px) 85vw, 300px\" \/><\/a> <a href=\"https:\/\/blog.alu.hr\/wp-content\/uploads\/2013\/09\/DSC_0505.jpg\"><img loading=\"lazy\" decoding=\"async\" class=\"alignnone size-medium wp-image-2167\" alt=\"DSC_0505\" src=\"https:\/\/blog.alu.hr\/wp-content\/uploads\/2013\/09\/DSC_0505-300x199.jpg\" width=\"300\" height=\"199\" srcset=\"https:\/\/blog.alu.hr\/wp-content\/uploads\/2013\/09\/DSC_0505-300x199.jpg 300w, https:\/\/blog.alu.hr\/wp-content\/uploads\/2013\/09\/DSC_0505-1024x680.jpg 1024w, https:\/\/blog.alu.hr\/wp-content\/uploads\/2013\/09\/DSC_0505.jpg 1939w\" sizes=\"auto, (max-width: 300px) 85vw, 300px\" \/><\/a> <a href=\"https:\/\/blog.alu.hr\/wp-content\/uploads\/2013\/09\/DSC06447.jpg\"><img loading=\"lazy\" decoding=\"async\" class=\"alignnone size-medium wp-image-2168\" alt=\"DSC06447\" src=\"https:\/\/blog.alu.hr\/wp-content\/uploads\/2013\/09\/DSC06447-225x300.jpg\" width=\"225\" height=\"300\" srcset=\"https:\/\/blog.alu.hr\/wp-content\/uploads\/2013\/09\/DSC06447-225x300.jpg 225w, https:\/\/blog.alu.hr\/wp-content\/uploads\/2013\/09\/DSC06447-768x1024.jpg 768w, https:\/\/blog.alu.hr\/wp-content\/uploads\/2013\/09\/DSC06447.jpg 1288w\" sizes=\"auto, (max-width: 225px) 85vw, 225px\" \/><\/a> <a href=\"https:\/\/blog.alu.hr\/wp-content\/uploads\/2013\/09\/DSC06484.jpg\"><img loading=\"lazy\" decoding=\"async\" class=\"alignnone size-medium wp-image-2169\" alt=\"DSC06484\" src=\"https:\/\/blog.alu.hr\/wp-content\/uploads\/2013\/09\/DSC06484-225x300.jpg\" width=\"225\" height=\"300\" srcset=\"https:\/\/blog.alu.hr\/wp-content\/uploads\/2013\/09\/DSC06484-225x300.jpg 225w, https:\/\/blog.alu.hr\/wp-content\/uploads\/2013\/09\/DSC06484-768x1024.jpg 768w, https:\/\/blog.alu.hr\/wp-content\/uploads\/2013\/09\/DSC06484.jpg 1288w\" sizes=\"auto, (max-width: 225px) 85vw, 225px\" \/><\/a> <a href=\"https:\/\/blog.alu.hr\/wp-content\/uploads\/2013\/09\/DSC_0521.jpg\"><img loading=\"lazy\" decoding=\"async\" class=\"alignnone size-medium wp-image-2170\" alt=\"DSC_0521\" src=\"https:\/\/blog.alu.hr\/wp-content\/uploads\/2013\/09\/DSC_0521-300x199.jpg\" width=\"300\" height=\"199\" srcset=\"https:\/\/blog.alu.hr\/wp-content\/uploads\/2013\/09\/DSC_0521-300x199.jpg 300w, https:\/\/blog.alu.hr\/wp-content\/uploads\/2013\/09\/DSC_0521-1024x680.jpg 1024w, https:\/\/blog.alu.hr\/wp-content\/uploads\/2013\/09\/DSC_0521.jpg 1939w\" sizes=\"auto, (max-width: 300px) 85vw, 300px\" \/><\/a> <a href=\"https:\/\/blog.alu.hr\/wp-content\/uploads\/2013\/09\/DSC_0553.jpg\"><img loading=\"lazy\" decoding=\"async\" class=\"alignnone size-medium wp-image-2171\" alt=\"DSC_0553\" src=\"https:\/\/blog.alu.hr\/wp-content\/uploads\/2013\/09\/DSC_0553-300x199.jpg\" width=\"300\" height=\"199\" srcset=\"https:\/\/blog.alu.hr\/wp-content\/uploads\/2013\/09\/DSC_0553-300x199.jpg 300w, https:\/\/blog.alu.hr\/wp-content\/uploads\/2013\/09\/DSC_0553-1024x680.jpg 1024w, https:\/\/blog.alu.hr\/wp-content\/uploads\/2013\/09\/DSC_0553.jpg 1939w\" sizes=\"auto, (max-width: 300px) 85vw, 300px\" \/><\/a> <a href=\"https:\/\/blog.alu.hr\/wp-content\/uploads\/2013\/09\/DSC_0561.jpg\"><img loading=\"lazy\" decoding=\"async\" class=\"alignnone size-medium wp-image-2172\" alt=\"DSC_0561\" src=\"https:\/\/blog.alu.hr\/wp-content\/uploads\/2013\/09\/DSC_0561-300x199.jpg\" width=\"300\" height=\"199\" srcset=\"https:\/\/blog.alu.hr\/wp-content\/uploads\/2013\/09\/DSC_0561-300x199.jpg 300w, https:\/\/blog.alu.hr\/wp-content\/uploads\/2013\/09\/DSC_0561-1024x680.jpg 1024w, https:\/\/blog.alu.hr\/wp-content\/uploads\/2013\/09\/DSC_0561.jpg 1939w\" sizes=\"auto, (max-width: 300px) 85vw, 300px\" \/><\/a> <a href=\"https:\/\/blog.alu.hr\/wp-content\/uploads\/2013\/09\/DSC_0567.jpg\"><img loading=\"lazy\" decoding=\"async\" class=\"alignnone size-medium wp-image-2173\" alt=\"DSC_0567\" src=\"https:\/\/blog.alu.hr\/wp-content\/uploads\/2013\/09\/DSC_0567-300x199.jpg\" width=\"300\" height=\"199\" srcset=\"https:\/\/blog.alu.hr\/wp-content\/uploads\/2013\/09\/DSC_0567-300x199.jpg 300w, https:\/\/blog.alu.hr\/wp-content\/uploads\/2013\/09\/DSC_0567-1024x680.jpg 1024w, https:\/\/blog.alu.hr\/wp-content\/uploads\/2013\/09\/DSC_0567.jpg 1939w\" sizes=\"auto, (max-width: 300px) 85vw, 300px\" \/><\/a> <a href=\"https:\/\/blog.alu.hr\/wp-content\/uploads\/2013\/09\/DSC_0578.jpg\"><img loading=\"lazy\" decoding=\"async\" class=\"alignnone size-medium wp-image-2174\" alt=\"DSC_0578\" src=\"https:\/\/blog.alu.hr\/wp-content\/uploads\/2013\/09\/DSC_0578-300x199.jpg\" width=\"300\" height=\"199\" srcset=\"https:\/\/blog.alu.hr\/wp-content\/uploads\/2013\/09\/DSC_0578-300x199.jpg 300w, https:\/\/blog.alu.hr\/wp-content\/uploads\/2013\/09\/DSC_0578-1024x680.jpg 1024w, https:\/\/blog.alu.hr\/wp-content\/uploads\/2013\/09\/DSC_0578.jpg 1939w\" sizes=\"auto, (max-width: 300px) 85vw, 300px\" \/><\/a> <a href=\"https:\/\/blog.alu.hr\/wp-content\/uploads\/2013\/09\/DSC_0609.jpg\"><img loading=\"lazy\" decoding=\"async\" class=\"alignnone size-medium wp-image-2175\" alt=\"DSC_0609\" src=\"https:\/\/blog.alu.hr\/wp-content\/uploads\/2013\/09\/DSC_0609-300x199.jpg\" width=\"300\" height=\"199\" srcset=\"https:\/\/blog.alu.hr\/wp-content\/uploads\/2013\/09\/DSC_0609-300x199.jpg 300w, https:\/\/blog.alu.hr\/wp-content\/uploads\/2013\/09\/DSC_0609-1024x680.jpg 1024w, https:\/\/blog.alu.hr\/wp-content\/uploads\/2013\/09\/DSC_0609.jpg 1939w\" sizes=\"auto, (max-width: 300px) 85vw, 300px\" \/><\/a> <a href=\"https:\/\/blog.alu.hr\/wp-content\/uploads\/2013\/09\/DSC_0612.jpg\"><img loading=\"lazy\" decoding=\"async\" class=\"alignnone size-medium wp-image-2176\" alt=\"DSC_0612\" src=\"https:\/\/blog.alu.hr\/wp-content\/uploads\/2013\/09\/DSC_0612-300x199.jpg\" width=\"300\" height=\"199\" srcset=\"https:\/\/blog.alu.hr\/wp-content\/uploads\/2013\/09\/DSC_0612-300x199.jpg 300w, https:\/\/blog.alu.hr\/wp-content\/uploads\/2013\/09\/DSC_0612-1024x680.jpg 1024w, https:\/\/blog.alu.hr\/wp-content\/uploads\/2013\/09\/DSC_0612.jpg 1939w\" sizes=\"auto, (max-width: 300px) 85vw, 300px\" \/><\/a> <a href=\"https:\/\/blog.alu.hr\/wp-content\/uploads\/2013\/09\/DSC_0625.jpg\"><img loading=\"lazy\" decoding=\"async\" class=\"alignnone size-medium wp-image-2177\" alt=\"DSC_0625\" src=\"https:\/\/blog.alu.hr\/wp-content\/uploads\/2013\/09\/DSC_0625-300x199.jpg\" width=\"300\" height=\"199\" srcset=\"https:\/\/blog.alu.hr\/wp-content\/uploads\/2013\/09\/DSC_0625-300x199.jpg 300w, https:\/\/blog.alu.hr\/wp-content\/uploads\/2013\/09\/DSC_0625-1024x680.jpg 1024w, https:\/\/blog.alu.hr\/wp-content\/uploads\/2013\/09\/DSC_0625.jpg 1939w\" sizes=\"auto, (max-width: 300px) 85vw, 300px\" \/><\/a> <a href=\"https:\/\/blog.alu.hr\/wp-content\/uploads\/2013\/09\/DSC_0629.jpg\"><img loading=\"lazy\" decoding=\"async\" class=\"alignnone size-medium wp-image-2178\" alt=\"DSC_0629\" src=\"https:\/\/blog.alu.hr\/wp-content\/uploads\/2013\/09\/DSC_0629-300x199.jpg\" width=\"300\" height=\"199\" srcset=\"https:\/\/blog.alu.hr\/wp-content\/uploads\/2013\/09\/DSC_0629-300x199.jpg 300w, https:\/\/blog.alu.hr\/wp-content\/uploads\/2013\/09\/DSC_0629-1024x680.jpg 1024w, https:\/\/blog.alu.hr\/wp-content\/uploads\/2013\/09\/DSC_0629.jpg 1939w\" sizes=\"auto, (max-width: 300px) 85vw, 300px\" \/><\/a> <a href=\"https:\/\/blog.alu.hr\/wp-content\/uploads\/2013\/09\/DSC_0630.jpg\"><img loading=\"lazy\" decoding=\"async\" class=\"alignnone size-medium wp-image-2179\" alt=\"DSC_0630\" src=\"https:\/\/blog.alu.hr\/wp-content\/uploads\/2013\/09\/DSC_0630-300x199.jpg\" width=\"300\" height=\"199\" srcset=\"https:\/\/blog.alu.hr\/wp-content\/uploads\/2013\/09\/DSC_0630-300x199.jpg 300w, https:\/\/blog.alu.hr\/wp-content\/uploads\/2013\/09\/DSC_0630-1024x680.jpg 1024w, https:\/\/blog.alu.hr\/wp-content\/uploads\/2013\/09\/DSC_0630.jpg 1939w\" sizes=\"auto, (max-width: 300px) 85vw, 300px\" \/><\/a> <a href=\"https:\/\/blog.alu.hr\/wp-content\/uploads\/2013\/09\/DSC_0636.jpg\"><img loading=\"lazy\" decoding=\"async\" class=\"alignnone size-medium wp-image-2180\" alt=\"DSC_0636\" src=\"https:\/\/blog.alu.hr\/wp-content\/uploads\/2013\/09\/DSC_0636-300x199.jpg\" width=\"300\" height=\"199\" srcset=\"https:\/\/blog.alu.hr\/wp-content\/uploads\/2013\/09\/DSC_0636-300x199.jpg 300w, https:\/\/blog.alu.hr\/wp-content\/uploads\/2013\/09\/DSC_0636-1024x680.jpg 1024w, https:\/\/blog.alu.hr\/wp-content\/uploads\/2013\/09\/DSC_0636.jpg 1939w\" sizes=\"auto, (max-width: 300px) 85vw, 300px\" \/><\/a> <a href=\"https:\/\/blog.alu.hr\/wp-content\/uploads\/2013\/09\/DSC_0638.jpg\"><img loading=\"lazy\" decoding=\"async\" class=\"alignnone size-medium wp-image-2181\" alt=\"DSC_0638\" src=\"https:\/\/blog.alu.hr\/wp-content\/uploads\/2013\/09\/DSC_0638-300x199.jpg\" width=\"300\" height=\"199\" srcset=\"https:\/\/blog.alu.hr\/wp-content\/uploads\/2013\/09\/DSC_0638-300x199.jpg 300w, https:\/\/blog.alu.hr\/wp-content\/uploads\/2013\/09\/DSC_0638-1024x680.jpg 1024w, https:\/\/blog.alu.hr\/wp-content\/uploads\/2013\/09\/DSC_0638.jpg 1939w\" sizes=\"auto, (max-width: 300px) 85vw, 300px\" \/><\/a> <a href=\"https:\/\/blog.alu.hr\/wp-content\/uploads\/2013\/09\/DSC_0677.jpg\"><img loading=\"lazy\" decoding=\"async\" class=\"alignnone size-medium wp-image-2182\" alt=\"DSC_0677\" src=\"https:\/\/blog.alu.hr\/wp-content\/uploads\/2013\/09\/DSC_0677-300x199.jpg\" width=\"300\" height=\"199\" srcset=\"https:\/\/blog.alu.hr\/wp-content\/uploads\/2013\/09\/DSC_0677-300x199.jpg 300w, https:\/\/blog.alu.hr\/wp-content\/uploads\/2013\/09\/DSC_0677-1024x680.jpg 1024w, https:\/\/blog.alu.hr\/wp-content\/uploads\/2013\/09\/DSC_0677.jpg 1939w\" sizes=\"auto, (max-width: 300px) 85vw, 300px\" \/><\/a> <a href=\"https:\/\/blog.alu.hr\/wp-content\/uploads\/2013\/09\/DSC_0689.jpg\"><img loading=\"lazy\" decoding=\"async\" class=\"alignnone size-medium wp-image-2183\" alt=\"DSC_0689\" src=\"https:\/\/blog.alu.hr\/wp-content\/uploads\/2013\/09\/DSC_0689-300x199.jpg\" width=\"300\" height=\"199\" srcset=\"https:\/\/blog.alu.hr\/wp-content\/uploads\/2013\/09\/DSC_0689-300x199.jpg 300w, https:\/\/blog.alu.hr\/wp-content\/uploads\/2013\/09\/DSC_0689-1024x680.jpg 1024w, https:\/\/blog.alu.hr\/wp-content\/uploads\/2013\/09\/DSC_0689.jpg 1939w\" sizes=\"auto, (max-width: 300px) 85vw, 300px\" \/><\/a> <a href=\"https:\/\/blog.alu.hr\/wp-content\/uploads\/2013\/09\/DSC_0698.jpg\"><img loading=\"lazy\" decoding=\"async\" class=\"alignnone size-medium wp-image-2184\" alt=\"DSC_0698\" src=\"https:\/\/blog.alu.hr\/wp-content\/uploads\/2013\/09\/DSC_0698-300x199.jpg\" width=\"300\" height=\"199\" srcset=\"https:\/\/blog.alu.hr\/wp-content\/uploads\/2013\/09\/DSC_0698-300x199.jpg 300w, https:\/\/blog.alu.hr\/wp-content\/uploads\/2013\/09\/DSC_0698-1024x680.jpg 1024w, https:\/\/blog.alu.hr\/wp-content\/uploads\/2013\/09\/DSC_0698.jpg 1939w\" sizes=\"auto, (max-width: 300px) 85vw, 300px\" \/><\/a> <a href=\"https:\/\/blog.alu.hr\/wp-content\/uploads\/2013\/09\/DSC_0699.jpg\"><img loading=\"lazy\" decoding=\"async\" class=\"alignnone size-medium wp-image-2185\" alt=\"DSC_0699\" src=\"https:\/\/blog.alu.hr\/wp-content\/uploads\/2013\/09\/DSC_0699-300x199.jpg\" width=\"300\" height=\"199\" srcset=\"https:\/\/blog.alu.hr\/wp-content\/uploads\/2013\/09\/DSC_0699-300x199.jpg 300w, https:\/\/blog.alu.hr\/wp-content\/uploads\/2013\/09\/DSC_0699-1024x680.jpg 1024w, https:\/\/blog.alu.hr\/wp-content\/uploads\/2013\/09\/DSC_0699.jpg 1939w\" sizes=\"auto, (max-width: 300px) 85vw, 300px\" \/><\/a> <a href=\"https:\/\/blog.alu.hr\/wp-content\/uploads\/2013\/09\/DSC_0700.jpg\"><img loading=\"lazy\" decoding=\"async\" class=\"alignnone size-medium wp-image-2186\" alt=\"DSC_0700\" src=\"https:\/\/blog.alu.hr\/wp-content\/uploads\/2013\/09\/DSC_0700-300x199.jpg\" width=\"300\" height=\"199\" srcset=\"https:\/\/blog.alu.hr\/wp-content\/uploads\/2013\/09\/DSC_0700-300x199.jpg 300w, https:\/\/blog.alu.hr\/wp-content\/uploads\/2013\/09\/DSC_0700-1024x680.jpg 1024w, https:\/\/blog.alu.hr\/wp-content\/uploads\/2013\/09\/DSC_0700.jpg 1939w\" sizes=\"auto, (max-width: 300px) 85vw, 300px\" \/><\/a> <a href=\"https:\/\/blog.alu.hr\/wp-content\/uploads\/2013\/09\/DSC_0716.jpg\"><img loading=\"lazy\" decoding=\"async\" class=\"alignnone size-medium wp-image-2187\" alt=\"DSC_0716\" src=\"https:\/\/blog.alu.hr\/wp-content\/uploads\/2013\/09\/DSC_0716-300x199.jpg\" width=\"300\" height=\"199\" srcset=\"https:\/\/blog.alu.hr\/wp-content\/uploads\/2013\/09\/DSC_0716-300x199.jpg 300w, https:\/\/blog.alu.hr\/wp-content\/uploads\/2013\/09\/DSC_0716-1024x680.jpg 1024w, https:\/\/blog.alu.hr\/wp-content\/uploads\/2013\/09\/DSC_0716.jpg 1939w\" sizes=\"auto, (max-width: 300px) 85vw, 300px\" \/><\/a> <a href=\"https:\/\/blog.alu.hr\/wp-content\/uploads\/2013\/09\/IMG_5996.jpg\"><img loading=\"lazy\" decoding=\"async\" class=\"alignnone size-medium wp-image-2188\" alt=\"IMG_5996\" src=\"https:\/\/blog.alu.hr\/wp-content\/uploads\/2013\/09\/IMG_5996-300x199.jpg\" width=\"300\" height=\"199\" srcset=\"https:\/\/blog.alu.hr\/wp-content\/uploads\/2013\/09\/IMG_5996-300x199.jpg 300w, https:\/\/blog.alu.hr\/wp-content\/uploads\/2013\/09\/IMG_5996-1024x681.jpg 1024w, https:\/\/blog.alu.hr\/wp-content\/uploads\/2013\/09\/IMG_5996.jpg 1936w\" sizes=\"auto, (max-width: 300px) 85vw, 300px\" \/><\/a> <a href=\"https:\/\/blog.alu.hr\/wp-content\/uploads\/2013\/09\/IMG_6026.jpg\"><img loading=\"lazy\" decoding=\"async\" class=\"alignnone size-medium wp-image-2189\" alt=\"IMG_6026\" src=\"https:\/\/blog.alu.hr\/wp-content\/uploads\/2013\/09\/IMG_6026-300x199.jpg\" width=\"300\" height=\"199\" srcset=\"https:\/\/blog.alu.hr\/wp-content\/uploads\/2013\/09\/IMG_6026-300x199.jpg 300w, https:\/\/blog.alu.hr\/wp-content\/uploads\/2013\/09\/IMG_6026-1024x681.jpg 1024w, https:\/\/blog.alu.hr\/wp-content\/uploads\/2013\/09\/IMG_6026.jpg 1936w\" sizes=\"auto, (max-width: 300px) 85vw, 300px\" \/><\/a> <a href=\"https:\/\/blog.alu.hr\/wp-content\/uploads\/2013\/09\/IMG_6027.jpg\"><img loading=\"lazy\" decoding=\"async\" class=\"alignnone size-medium wp-image-2190\" alt=\"IMG_6027\" src=\"https:\/\/blog.alu.hr\/wp-content\/uploads\/2013\/09\/IMG_6027-300x199.jpg\" width=\"300\" height=\"199\" srcset=\"https:\/\/blog.alu.hr\/wp-content\/uploads\/2013\/09\/IMG_6027-300x199.jpg 300w, https:\/\/blog.alu.hr\/wp-content\/uploads\/2013\/09\/IMG_6027-1024x681.jpg 1024w, https:\/\/blog.alu.hr\/wp-content\/uploads\/2013\/09\/IMG_6027.jpg 1936w\" sizes=\"auto, (max-width: 300px) 85vw, 300px\" \/><\/a> <a href=\"https:\/\/blog.alu.hr\/wp-content\/uploads\/2013\/09\/IMG_6028.jpg\"><img loading=\"lazy\" decoding=\"async\" class=\"alignnone size-medium wp-image-2191\" alt=\"IMG_6028\" src=\"https:\/\/blog.alu.hr\/wp-content\/uploads\/2013\/09\/IMG_6028-300x199.jpg\" width=\"300\" height=\"199\" srcset=\"https:\/\/blog.alu.hr\/wp-content\/uploads\/2013\/09\/IMG_6028-300x199.jpg 300w, https:\/\/blog.alu.hr\/wp-content\/uploads\/2013\/09\/IMG_6028-1024x681.jpg 1024w, https:\/\/blog.alu.hr\/wp-content\/uploads\/2013\/09\/IMG_6028.jpg 1936w\" sizes=\"auto, (max-width: 300px) 85vw, 300px\" \/><\/a> <a href=\"https:\/\/blog.alu.hr\/wp-content\/uploads\/2013\/09\/IMG_6031.jpg\"><img loading=\"lazy\" decoding=\"async\" class=\"alignnone size-medium wp-image-2192\" alt=\"IMG_6031\" src=\"https:\/\/blog.alu.hr\/wp-content\/uploads\/2013\/09\/IMG_6031-300x199.jpg\" width=\"300\" height=\"199\" srcset=\"https:\/\/blog.alu.hr\/wp-content\/uploads\/2013\/09\/IMG_6031-300x199.jpg 300w, https:\/\/blog.alu.hr\/wp-content\/uploads\/2013\/09\/IMG_6031-1024x681.jpg 1024w, https:\/\/blog.alu.hr\/wp-content\/uploads\/2013\/09\/IMG_6031.jpg 1936w\" sizes=\"auto, (max-width: 300px) 85vw, 300px\" \/><\/a> <a href=\"https:\/\/blog.alu.hr\/wp-content\/uploads\/2013\/09\/IMG_6036.jpg\"><img loading=\"lazy\" decoding=\"async\" class=\"alignnone size-medium wp-image-2193\" alt=\"IMG_6036\" src=\"https:\/\/blog.alu.hr\/wp-content\/uploads\/2013\/09\/IMG_6036-300x199.jpg\" width=\"300\" height=\"199\" srcset=\"https:\/\/blog.alu.hr\/wp-content\/uploads\/2013\/09\/IMG_6036-300x199.jpg 300w, https:\/\/blog.alu.hr\/wp-content\/uploads\/2013\/09\/IMG_6036-1024x681.jpg 1024w, https:\/\/blog.alu.hr\/wp-content\/uploads\/2013\/09\/IMG_6036.jpg 1936w\" sizes=\"auto, (max-width: 300px) 85vw, 300px\" \/><\/a> <a href=\"https:\/\/blog.alu.hr\/wp-content\/uploads\/2013\/09\/IMG_60571.jpg\"><img loading=\"lazy\" decoding=\"async\" class=\"alignnone size-medium wp-image-2194\" alt=\"IMG_6057\" src=\"https:\/\/blog.alu.hr\/wp-content\/uploads\/2013\/09\/IMG_60571-300x199.jpg\" width=\"300\" height=\"199\" srcset=\"https:\/\/blog.alu.hr\/wp-content\/uploads\/2013\/09\/IMG_60571-300x199.jpg 300w, https:\/\/blog.alu.hr\/wp-content\/uploads\/2013\/09\/IMG_60571-1024x681.jpg 1024w, https:\/\/blog.alu.hr\/wp-content\/uploads\/2013\/09\/IMG_60571.jpg 1936w\" sizes=\"auto, (max-width: 300px) 85vw, 300px\" \/><\/a> <a href=\"https:\/\/blog.alu.hr\/wp-content\/uploads\/2013\/09\/IMG_6084.jpg\"><img loading=\"lazy\" decoding=\"async\" class=\"alignnone size-medium wp-image-2195\" alt=\"IMG_6084\" src=\"https:\/\/blog.alu.hr\/wp-content\/uploads\/2013\/09\/IMG_6084-300x199.jpg\" width=\"300\" height=\"199\" srcset=\"https:\/\/blog.alu.hr\/wp-content\/uploads\/2013\/09\/IMG_6084-300x199.jpg 300w, https:\/\/blog.alu.hr\/wp-content\/uploads\/2013\/09\/IMG_6084-1024x681.jpg 1024w, https:\/\/blog.alu.hr\/wp-content\/uploads\/2013\/09\/IMG_6084.jpg 1936w\" sizes=\"auto, (max-width: 300px) 85vw, 300px\" \/><\/a><img loading=\"lazy\" decoding=\"async\" class=\"alignnone size-medium wp-image-1882\" alt=\"IMG_6057\" src=\"https:\/\/blog.alu.hr\/wp-content\/uploads\/2013\/09\/IMG_6057-300x199.jpg\" width=\"300\" height=\"199\" srcset=\"https:\/\/blog.alu.hr\/wp-content\/uploads\/2013\/09\/IMG_6057-300x199.jpg 300w, https:\/\/blog.alu.hr\/wp-content\/uploads\/2013\/09\/IMG_6057-1024x681.jpg 1024w, https:\/\/blog.alu.hr\/wp-content\/uploads\/2013\/09\/IMG_6057.jpg 1936w\" sizes=\"auto, (max-width: 300px) 85vw, 300px\" \/><\/p>\n","protected":false},"excerpt":{"rendered":"<p>&nbsp; Sudionici \/ Participants: Vanja Babi\u0107, Matija Djanje\u0161i\u0107, Nadean Downey, Mike Graham, Ana Kova\u010di\u0107, Iva Habus, Ivana Pipal, Elizabeth Mills, Mouez Hamdi, Sara Rodrigues, Fred Vernon, Ana Vuzdari\u0107<\/p>\n","protected":false},"author":2,"featured_media":0,"parent":117,"menu_order":6,"comment_status":"open","ping_status":"open","template":"","meta":{"footnotes":""},"class_list":["post-1881","page","type-page","status-publish","hentry"],"_links":{"self":[{"href":"https:\/\/blog.alu.hr\/index.php?rest_route=\/wp\/v2\/pages\/1881","targetHints":{"allow":["GET"]}}],"collection":[{"href":"https:\/\/blog.alu.hr\/index.php?rest_route=\/wp\/v2\/pages"}],"about":[{"href":"https:\/\/blog.alu.hr\/index.php?rest_route=\/wp\/v2\/types\/page"}],"author":[{"embeddable":true,"href":"https:\/\/blog.alu.hr\/index.php?rest_route=\/wp\/v2\/users\/2"}],"replies":[{"embeddable":true,"href":"https:\/\/blog.alu.hr\/index.php?rest_route=%2Fwp%2Fv2%2Fcomments&post=1881"}],"version-history":[{"count":11,"href":"https:\/\/blog.alu.hr\/index.php?rest_route=\/wp\/v2\/pages\/1881\/revisions"}],"predecessor-version":[{"id":2358,"href":"https:\/\/blog.alu.hr\/index.php?rest_route=\/wp\/v2\/pages\/1881\/revisions\/2358"}],"up":[{"embeddable":true,"href":"https:\/\/blog.alu.hr\/index.php?rest_route=\/wp\/v2\/pages\/117"}],"wp:attachment":[{"href":"https:\/\/blog.alu.hr\/index.php?rest_route=%2Fwp%2Fv2%2Fmedia&parent=1881"}],"curies":[{"name":"wp","href":"https:\/\/api.w.org\/{rel}","templated":true}]}}