{"id":1365,"date":"2012-05-09T19:22:19","date_gmt":"2012-05-09T17:22:19","guid":{"rendered":"http:\/\/blog.alu.hr\/?page_id=1365"},"modified":"2023-12-10T16:19:50","modified_gmt":"2023-12-10T14:19:50","slug":"2011-2","status":"publish","type":"page","link":"https:\/\/blog.alu.hr\/?page_id=1365","title":{"rendered":"2011"},"content":{"rendered":"\n<div style=\"height:100px\" aria-hidden=\"true\" class=\"wp-block-spacer\"><\/div>\n\n\n\n<h1 class=\"wp-block-heading\"><strong>Luka Hrgovi\u0107<\/strong><\/h1>\n\n\n<div class=\"wp-block-image\">\n<figure class=\"alignleft\"><a href=\"https:\/\/blog.alu.hr\/wp-content\/uploads\/2012\/05\/1.jpg\"><img loading=\"lazy\" decoding=\"async\" width=\"882\" height=\"484\" src=\"https:\/\/blog.alu.hr\/wp-content\/uploads\/2012\/05\/1.jpg\" alt=\"1\" class=\"wp-image-1446\"\/><\/a><figcaption class=\"wp-element-caption\"><br>Kunstmaler: portrait d&#8217;artiste<br><br><a href=\"https:\/\/blog.alu.hr\/wp-content\/uploads\/2012\/05\/21.jpg\"><\/a><\/figcaption><\/figure><\/div>\n\n\n<div style=\"height:100px\" aria-hidden=\"true\" class=\"wp-block-spacer\"><\/div>\n\n\n\n<h1 class=\"wp-block-heading\"><strong>Tihana Mandu\u0161i\u0107<\/strong><\/h1>\n\n\n<div class=\"wp-block-image\">\n<figure class=\"aligncenter\"><a href=\"https:\/\/blog.alu.hr\/wp-content\/uploads\/2012\/05\/padanje-1.bmp\"><img decoding=\"async\" src=\"https:\/\/blog.alu.hr\/wp-content\/uploads\/2012\/05\/padanje-1.bmp\" alt=\"padanje-1\" class=\"wp-image-1541\"\/><\/a><\/figure><\/div>\n\n\n<p><\/p>\n\n\n<div class=\"wp-block-image\">\n<figure class=\"aligncenter\"><a href=\"https:\/\/blog.alu.hr\/wp-content\/uploads\/2012\/05\/provlacenje-1.bmp\"><img decoding=\"async\" src=\"https:\/\/blog.alu.hr\/wp-content\/uploads\/2012\/05\/provlacenje-1.bmp\" alt=\"provlacenje-1\" class=\"wp-image-1543\"\/><\/a><\/figure><\/div>\n\n\n<div style=\"height:100px\" aria-hidden=\"true\" class=\"wp-block-spacer\"><\/div>\n\n\n\n<h1 class=\"wp-block-heading\"><strong><a href=\"http:\/\/yozsa.tumblr.com\/\">Josip Horvat<\/a><\/strong><\/h1>\n\n\n<div class=\"wp-block-image\">\n<figure class=\"aligncenter\"><a href=\"https:\/\/blog.alu.hr\/wp-content\/uploads\/2012\/05\/joza2.png\"><img loading=\"lazy\" decoding=\"async\" width=\"751\" height=\"438\" src=\"https:\/\/blog.alu.hr\/wp-content\/uploads\/2012\/05\/joza2.png\" alt=\"joza2\" class=\"wp-image-1386\"\/><\/a><\/figure><\/div>\n\n<div class=\"wp-block-image\">\n<figure class=\"aligncenter\"><a href=\"https:\/\/blog.alu.hr\/wp-content\/uploads\/2012\/05\/joza1.png\"><img loading=\"lazy\" decoding=\"async\" width=\"857\" height=\"501\" src=\"https:\/\/blog.alu.hr\/wp-content\/uploads\/2012\/05\/joza1.png\" alt=\"joza1\" class=\"wp-image-1385\"\/><\/a><\/figure><\/div>\n\n\n<div style=\"height:100px\" aria-hidden=\"true\" class=\"wp-block-spacer\"><\/div>\n\n\n\n<h1 class=\"wp-block-heading\"><strong>Petra Zlonoga<\/strong><\/h1>\n\n\n<div class=\"wp-block-image\">\n<figure class=\"aligncenter\"><a href=\"https:\/\/blog.alu.hr\/wp-content\/uploads\/2012\/05\/daniil_1_72dpi.jpg\"><img loading=\"lazy\" decoding=\"async\" width=\"850\" height=\"567\" src=\"https:\/\/blog.alu.hr\/wp-content\/uploads\/2012\/05\/daniil_1_72dpi.jpg\" alt=\"daniil_1_72dpi\" class=\"wp-image-1507\"\/><\/a><\/figure><\/div>\n\n<div class=\"wp-block-image\">\n<figure class=\"aligncenter\"><a href=\"https:\/\/blog.alu.hr\/wp-content\/uploads\/2012\/05\/daniil_4_72dpi.jpg\"><img loading=\"lazy\" decoding=\"async\" width=\"850\" height=\"567\" src=\"https:\/\/blog.alu.hr\/wp-content\/uploads\/2012\/05\/daniil_4_72dpi.jpg\" alt=\"daniil_4_72dpi\" class=\"wp-image-1508\"\/><\/a><\/figure><\/div>\n\n\n<p><\/p>\n\n\n\n<p><\/p>\n\n\n\n<div style=\"height:100px\" aria-hidden=\"true\" class=\"wp-block-spacer\"><\/div>\n","protected":false},"excerpt":{"rendered":"<p>Luka Hrgovi\u0107 Tihana Mandu\u0161i\u0107 Josip Horvat Petra Zlonoga<\/p>\n","protected":false},"author":2,"featured_media":0,"parent":526,"menu_order":14,"comment_status":"open","ping_status":"closed","template":"","meta":{"footnotes":""},"class_list":["post-1365","page","type-page","status-publish","hentry"],"_links":{"self":[{"href":"https:\/\/blog.alu.hr\/index.php?rest_route=\/wp\/v2\/pages\/1365","targetHints":{"allow":["GET"]}}],"collection":[{"href":"https:\/\/blog.alu.hr\/index.php?rest_route=\/wp\/v2\/pages"}],"about":[{"href":"https:\/\/blog.alu.hr\/index.php?rest_route=\/wp\/v2\/types\/page"}],"author":[{"embeddable":true,"href":"https:\/\/blog.alu.hr\/index.php?rest_route=\/wp\/v2\/users\/2"}],"replies":[{"embeddable":true,"href":"https:\/\/blog.alu.hr\/index.php?rest_route=%2Fwp%2Fv2%2Fcomments&post=1365"}],"version-history":[{"count":42,"href":"https:\/\/blog.alu.hr\/index.php?rest_route=\/wp\/v2\/pages\/1365\/revisions"}],"predecessor-version":[{"id":4545,"href":"https:\/\/blog.alu.hr\/index.php?rest_route=\/wp\/v2\/pages\/1365\/revisions\/4545"}],"up":[{"embeddable":true,"href":"https:\/\/blog.alu.hr\/index.php?rest_route=\/wp\/v2\/pages\/526"}],"wp:attachment":[{"href":"https:\/\/blog.alu.hr\/index.php?rest_route=%2Fwp%2Fv2%2Fmedia&parent=1365"}],"curies":[{"name":"wp","href":"https:\/\/api.w.org\/{rel}","templated":true}]}}