{"id":1036,"date":"2010-04-15T00:55:09","date_gmt":"2010-04-14T22:55:09","guid":{"rendered":"http:\/\/blog.alu.hr\/?page_id=1036"},"modified":"2024-12-07T21:03:27","modified_gmt":"2024-12-07T19:03:27","slug":"artikulacija-galerija-vn","status":"publish","type":"page","link":"https:\/\/blog.alu.hr\/?page_id=1036","title":{"rendered":"ARTIKULACIJA 2010"},"content":{"rendered":"\n<div style=\"height:20px\" aria-hidden=\"true\" class=\"wp-block-spacer\"><\/div>\n\n\n\n<p class=\"has-normal-font-size\">Od 10. do 20.2.2010. u Galeriji VN studenti Odsjeka za animirani film&nbsp;i nove medije \u0107e u prostoru galerije postavljati jednodnevne izlo\u017ebe,&nbsp;organizirati radionice,&nbsp;diskusije, performance i&nbsp; ispitivati temu ARTIKULACIJA.<\/p>\n\n\n\n<p class=\"has-normal-font-size\"><strong>Artikulacija<\/strong> je sposobnost jasnog i razgovjetnog izgovaranja rije\u010di i njihovih smislenih kombinacija. <\/p>\n\n\n\n<p class=\"has-normal-font-size\">Dovode\u0107i u pitanje tradicionalnu definiciju pojma artikulacije, pro\u0161irujemo njegovo zna\u010denje na sve mogu\u0107e oblike izra\u017eavanja i komunikacije (razvoj govora, utjecaj medija, razumijevanje putem raznih uputa, izra\u017eavanja rodnog identiteta, oduzimanje zna\u010denja rije\u010di..)<\/p>\n\n\n\n<p class=\"has-normal-font-size\">Projekt \u0107e se realizirati u obliku kratkog residency-a gdje \u0107e sudionici zauzeti prostor galerije VN na deset dana te odr\u017eavati radionice, diskusije, predavanja, projekcije. Izlo\u017eba je koncipirana kao &#8220;work in progress&#8221;, \u0161to zna\u010di da \u0107e sudionici formirat i mijenjat postav na licu mjesta kroz deset dana.<\/p>\n\n\n\n<p><\/p>\n\n\n\n<p style=\"margin: 0px; font-family: Helvetica; font-style: normal; font-variant: normal; font-weight: normal; font-size: 12px; line-height: normal; font-size-adjust: none; font-stretch: normal;\">\n<p style=\"margin: 0px; font-family: Helvetica; font-style: normal; font-variant: normal; font-weight: normal; font-size: 12px; line-height: normal; font-size-adjust: none; font-stretch: normal;\"><span style=\"font-family: arial,sans-serif;\">&nbsp;<\/span><\/p>\n<p style=\"margin: 0px; font-family: Helvetica; font-style: normal; font-variant: normal; font-weight: normal; font-size: 12px; line-height: normal; font-size-adjust: none; font-stretch: normal;\"><span style=\"font-size: small;\"><a href=\"https:\/\/sites.google.com\/site\/artikulacijavnproject\/\"><img loading=\"lazy\" decoding=\"async\" class=\"alignnone  wp-image-1037\" title=\"Artikulacija - Galerija VN\" src=\"https:\/\/blog.alu.hr\/wp-content\/uploads\/2010\/04\/picture-007.jpg\" alt=\"Artikulacija - Galerija VN\" width=\"478\" height=\"359\"><\/a><\/span><\/p>\n<p style=\"margin: 0px; font-family: Helvetica; font-style: normal; font-variant: normal; font-weight: normal; font-size: 12px; line-height: normal; font-size-adjust: none; font-stretch: normal;\"><span style=\"font-size: small;\">&nbsp;<\/span><\/p>\n<p style=\"margin: 0px; font-family: Helvetica; font-style: normal; font-variant: normal; font-weight: normal; font-size: 12px; line-height: normal; font-size-adjust: none; font-stretch: normal;\"><span style=\"font-size: small;\"><a href=\"https:\/\/blog.alu.hr\/wp-content\/uploads\/2010\/04\/picture-0341.jpg\"><img loading=\"lazy\" decoding=\"async\" class=\" wp-image-1070 alignleft\" title=\"Marija Golub\" src=\"https:\/\/blog.alu.hr\/wp-content\/uploads\/2010\/04\/picture-0341.jpg\" alt=\"Marija Golub\" width=\"480\" height=\"360\"><\/a><br \/><\/span><\/p>","protected":false},"excerpt":{"rendered":"<p>Od 10. do 20.2.2010. u Galeriji VN studenti Odsjeka za animirani film&nbsp;i nove medije \u0107e u prostoru galerije postavljati jednodnevne izlo\u017ebe,&nbsp;organizirati radionice,&nbsp;diskusije, performance i&nbsp; ispitivati temu ARTIKULACIJA. Artikulacija je sposobnost jasnog i razgovjetnog izgovaranja rije\u010di i njihovih smislenih kombinacija. Dovode\u0107i u pitanje tradicionalnu definiciju pojma artikulacije, pro\u0161irujemo njegovo zna\u010denje na sve mogu\u0107e oblike izra\u017eavanja i &hellip; <a href=\"https:\/\/blog.alu.hr\/?page_id=1036\" class=\"more-link\">Continue reading<span class=\"screen-reader-text\"> &#8220;ARTIKULACIJA 2010&#8221;<\/span><\/a><\/p>\n","protected":false},"author":2,"featured_media":0,"parent":22,"menu_order":12,"comment_status":"closed","ping_status":"closed","template":"","meta":{"footnotes":""},"class_list":["post-1036","page","type-page","status-publish","hentry"],"_links":{"self":[{"href":"https:\/\/blog.alu.hr\/index.php?rest_route=\/wp\/v2\/pages\/1036","targetHints":{"allow":["GET"]}}],"collection":[{"href":"https:\/\/blog.alu.hr\/index.php?rest_route=\/wp\/v2\/pages"}],"about":[{"href":"https:\/\/blog.alu.hr\/index.php?rest_route=\/wp\/v2\/types\/page"}],"author":[{"embeddable":true,"href":"https:\/\/blog.alu.hr\/index.php?rest_route=\/wp\/v2\/users\/2"}],"replies":[{"embeddable":true,"href":"https:\/\/blog.alu.hr\/index.php?rest_route=%2Fwp%2Fv2%2Fcomments&post=1036"}],"version-history":[{"count":42,"href":"https:\/\/blog.alu.hr\/index.php?rest_route=\/wp\/v2\/pages\/1036\/revisions"}],"predecessor-version":[{"id":5158,"href":"https:\/\/blog.alu.hr\/index.php?rest_route=\/wp\/v2\/pages\/1036\/revisions\/5158"}],"up":[{"embeddable":true,"href":"https:\/\/blog.alu.hr\/index.php?rest_route=\/wp\/v2\/pages\/22"}],"wp:attachment":[{"href":"https:\/\/blog.alu.hr\/index.php?rest_route=%2Fwp%2Fv2%2Fmedia&parent=1036"}],"curies":[{"name":"wp","href":"https:\/\/api.w.org\/{rel}","templated":true}]}}

<div style="height:20px" aria-hidden="true" class="wp-block-spacer"></div>



<p class="has-normal-font-size">Od 10. do 20.2.2010. u Galeriji VN studenti Odsjeka za animirani film&nbsp;i nove medije će u prostoru galerije postavljati jednodnevne izložbe,&nbsp;organizirati radionice,&nbsp;diskusije, performance i&nbsp; ispitivati temu ARTIKULACIJA.</p>



<p class="has-normal-font-size"><strong>Artikulacija</strong> je sposobnost jasnog i razgovjetnog izgovaranja riječi i njihovih smislenih kombinacija. </p>



<p class="has-normal-font-size">Dovodeći u pitanje tradicionalnu definiciju pojma artikulacije, proširujemo njegovo značenje na sve moguće oblike izražavanja i komunikacije (razvoj govora, utjecaj medija, razumijevanje putem raznih uputa, izražavanja rodnog identiteta, oduzimanje značenja riječi..)</p>



<p class="has-normal-font-size">Projekt će se realizirati u obliku kratkog residency-a gdje će sudionici zauzeti prostor galerije VN na deset dana te održavati radionice, diskusije, predavanja, projekcije. Izložba je koncipirana kao &#8220;work in progress&#8221;, što znači da će sudionici formirat i mijenjat postav na licu mjesta kroz deset dana.</p>



<p></p>



<p style="margin: 0px; font-family: Helvetica; font-style: normal; font-variant: normal; font-weight: normal; font-size: 12px; line-height: normal; font-size-adjust: none; font-stretch: normal;">
<p style="margin: 0px; font-family: Helvetica; font-style: normal; font-variant: normal; font-weight: normal; font-size: 12px; line-height: normal; font-size-adjust: none; font-stretch: normal;"><span style="font-family: arial,sans-serif;">&nbsp;</span></p>
<p style="margin: 0px; font-family: Helvetica; font-style: normal; font-variant: normal; font-weight: normal; font-size: 12px; line-height: normal; font-size-adjust: none; font-stretch: normal;"><span style="font-size: small;"><a href="https://sites.google.com/site/artikulacijavnproject/"><img loading="lazy" decoding="async" class="alignnone  wp-image-1037" title="Artikulacija - Galerija VN" src="https://blog.alu.hr/wp-content/uploads/2010/04/picture-007.jpg" alt="Artikulacija - Galerija VN" width="478" height="359"></a></span></p>
<p style="margin: 0px; font-family: Helvetica; font-style: normal; font-variant: normal; font-weight: normal; font-size: 12px; line-height: normal; font-size-adjust: none; font-stretch: normal;"><span style="font-size: small;">&nbsp;</span></p>
<p style="margin: 0px; font-family: Helvetica; font-style: normal; font-variant: normal; font-weight: normal; font-size: 12px; line-height: normal; font-size-adjust: none; font-stretch: normal;"><span style="font-size: small;"><a href="https://blog.alu.hr/wp-content/uploads/2010/04/picture-0341.jpg"><img loading="lazy" decoding="async" class=" wp-image-1070 alignleft" title="Marija Golub" src="https://blog.alu.hr/wp-content/uploads/2010/04/picture-0341.jpg" alt="Marija Golub" width="480" height="360"></a><br /></span></p>

<p>Od 10. do 20.2.2010. u Galeriji VN studenti Odsjeka za animirani film&nbsp;i nove medije će u prostoru galerije postavljati jednodnevne izložbe,&nbsp;organizirati radionice,&nbsp;diskusije, performance i&nbsp; ispitivati temu ARTIKULACIJA. Artikulacija je sposobnost jasnog i razgovjetnog izgovaranja riječi i njihovih smislenih kombinacija. Dovodeći u pitanje tradicionalnu definiciju pojma artikulacije, proširujemo njegovo značenje na sve moguće oblike izražavanja i &hellip; <a href="https://blog.alu.hr/?page_id=1036" class="more-link">Continue reading<span class="screen-reader-text"> &#8220;ARTIKULACIJA 2010&#8221;</span></a></p>
