{"id":10,"date":"2009-05-10T20:25:31","date_gmt":"2009-05-10T18:25:31","guid":{"rendered":"http:\/\/blog.alu.hr\/?page_id=10"},"modified":"2026-03-04T15:47:47","modified_gmt":"2026-03-04T13:47:47","slug":"kontakt","status":"publish","type":"page","link":"https:\/\/blog.alu.hr\/?page_id=10","title":{"rendered":"kontakt"},"content":{"rendered":"\n<figure class=\"wp-block-image\"><a href=\"https:\/\/blog.alu.hr\/wp-content\/uploads\/2009\/05\/samoslika.png\"><img loading=\"lazy\" decoding=\"async\" width=\"432\" height=\"262\" src=\"https:\/\/blog.alu.hr\/wp-content\/uploads\/2009\/05\/samoslika.png\" alt=\"samoslika\" class=\"wp-image-79\" srcset=\"https:\/\/blog.alu.hr\/wp-content\/uploads\/2009\/05\/samoslika.png 432w, https:\/\/blog.alu.hr\/wp-content\/uploads\/2009\/05\/samoslika-300x181.png 300w\" sizes=\"auto, (max-width: 432px) 85vw, 432px\" \/><\/a><\/figure>\n\n\n\n<div style=\"height:100px\" aria-hidden=\"true\" class=\"wp-block-spacer\"><\/div>\n\n\n\n<p class=\"has-pale-cyan-blue-background-color has-background has-normal-font-size\">Odsjek za nove medije, AKADEMIJA LIKOVNIH UMJETNOSTI SVEU\u010cILI\u0160TE U ZAGREBU <\/p>\n\n\n\n<p class=\"has-pale-cyan-blue-background-color has-background has-normal-font-size\"><strong>Odsjek za nove medije<\/strong><br>Akademija likovnih umjetnosti Sveu\u010dili\u0161te u Zagrebu<br>Ilica 85<br>10000 Zagreb<\/p>\n\n\n\n<p class=\"has-pale-cyan-blue-background-color has-background has-normal-font-size\">Tel porte: 099\/528-5165<\/p>\n\n\n\n<p class=\"has-pale-cyan-blue-background-color has-background has-normal-font-size\"><strong>e-mail: <\/strong>novimediji.ALU@gmail.com<\/p>\n\n\n\n<p class=\"has-pale-cyan-blue-background-color has-background has-normal-font-size\"><strong>studentska referada:<\/strong> Tanja Grgi\u0107<br>e-mail: <a href=\"mailto:alu@alu.hr\">alu@alu.hr<\/a><\/p>\n\n\n\n<p class=\"has-pale-cyan-blue-background-color has-background has-normal-font-size\"><br><strong>me\u0111unarodna suradnja:<\/strong> Filip Matovi\u0107<br>e-mail: <a href=\"mailto:filip.matovi\u0107@alu.hr\">filip.matovic@alu.hr <\/a><br><\/p>\n\n\n\n<div style=\"height:20px\" aria-hidden=\"true\" class=\"wp-block-spacer\"><\/div>\n\n\n\n<p><\/p>\n\n\n\n<p class=\"has-normal-font-size\"><\/p>\n\n\n\n<p class=\"has-normal-font-size\"><\/p>\n\n\n\n<div style=\"height:100px\" aria-hidden=\"true\" class=\"wp-block-spacer\"><\/div>\n","protected":false},"excerpt":{"rendered":"<p>Odsjek za nove medije, AKADEMIJA LIKOVNIH UMJETNOSTI SVEU\u010cILI\u0160TE U ZAGREBU Odsjek za nove medijeAkademija likovnih umjetnosti Sveu\u010dili\u0161te u ZagrebuIlica 8510000 Zagreb Tel porte: 099\/528-5165 e-mail: novimediji.ALU@gmail.com studentska referada: Tanja Grgi\u0107e-mail: alu@alu.hr me\u0111unarodna suradnja: Filip Matovi\u0107e-mail: filip.matovic@alu.hr<\/p>\n","protected":false},"author":2,"featured_media":0,"parent":0,"menu_order":12,"comment_status":"closed","ping_status":"closed","template":"","meta":{"footnotes":""},"class_list":["post-10","page","type-page","status-publish","hentry"],"_links":{"self":[{"href":"https:\/\/blog.alu.hr\/index.php?rest_route=\/wp\/v2\/pages\/10","targetHints":{"allow":["GET"]}}],"collection":[{"href":"https:\/\/blog.alu.hr\/index.php?rest_route=\/wp\/v2\/pages"}],"about":[{"href":"https:\/\/blog.alu.hr\/index.php?rest_route=\/wp\/v2\/types\/page"}],"author":[{"embeddable":true,"href":"https:\/\/blog.alu.hr\/index.php?rest_route=\/wp\/v2\/users\/2"}],"replies":[{"embeddable":true,"href":"https:\/\/blog.alu.hr\/index.php?rest_route=%2Fwp%2Fv2%2Fcomments&post=10"}],"version-history":[{"count":58,"href":"https:\/\/blog.alu.hr\/index.php?rest_route=\/wp\/v2\/pages\/10\/revisions"}],"predecessor-version":[{"id":5221,"href":"https:\/\/blog.alu.hr\/index.php?rest_route=\/wp\/v2\/pages\/10\/revisions\/5221"}],"wp:attachment":[{"href":"https:\/\/blog.alu.hr\/index.php?rest_route=%2Fwp%2Fv2%2Fmedia&parent=10"}],"curies":[{"name":"wp","href":"https:\/\/api.w.org\/{rel}","templated":true}]}}